-- https://www.phpmyadmin.net/
--
-- Anamakine: localhost:3306
-- Üretim Zamanı: 31 Ağu 2017, 21:27:32
-- Sunucu sürümü: 5.6.35
-- PHP Sürümü: 5.6.30




--
-- Veritabanı: `eticaretv3`
--

-- --------------------------------------------------------

--
-- Tablo için tablo yapısı `adres`
--

CREATE TABLE `adres` (
  `id` int(11) NOT NULL,
  `uyeid` varchar(255) COLLATE utf8_turkish_ci NOT NULL,
  `baslik` varchar(255) COLLATE utf8_turkish_ci NOT NULL,
  `adres_tipi` varchar(255) COLLATE utf8_turkish_ci NOT NULL,
  `ad` varchar(255) COLLATE utf8_turkish_ci NOT NULL,
  `soyad` varchar(255) COLLATE utf8_turkish_ci NOT NULL,
  `firma_adi` varchar(255) COLLATE utf8_turkish_ci NOT NULL,
  `adres` text COLLATE utf8_turkish_ci NOT NULL,
  `sehir` varchar(255) COLLATE utf8_turkish_ci NOT NULL,
  `semt` varchar(255) COLLATE utf8_turkish_ci NOT NULL,
  `postakodu` varchar(255) COLLATE utf8_turkish_ci NOT NULL,
  `vd` varchar(255) COLLATE utf8_turkish_ci NOT NULL,
  `vn` varchar(255) COLLATE utf8_turkish_ci NOT NULL,
  `tc` varchar(255) COLLATE utf8_turkish_ci NOT NULL,
  `ceptel` varchar(255) COLLATE utf8_turkish_ci NOT NULL,
  `evtel` varchar(255) COLLATE utf8_turkish_ci NOT NULL,
  `istel` varchar(255) COLLATE utf8_turkish_ci NOT NULL
) ENGINE=InnoDB DEFAULT CHARSET=utf8 COLLATE=utf8_turkish_ci;

--
-- Tablo döküm verisi `adres`
--

INSERT INTO `adres` (`id`, `uyeid`, `baslik`, `adres_tipi`, `ad`, `soyad`, `firma_adi`, `adres`, `sehir`, `semt`, `postakodu`, `vd`, `vn`, `tc`, `ceptel`, `evtel`, `istel`) VALUES
(6, '9', 'İş Adresim', 'kurumsal', 'osman', 'FATSA', 'Web Ofisi Yazılım Hizmetleri', 'Liman Mahallesi Gezi Caddesi 6-A/12', '55', '751', '55000', 'Gaziler', '43411208610', '43411208610', '05449058442', '05378726708', ''),
(7, '9', 'Ev Adresim', 'bireysel', 'osman', 'fatsa', '', 'Liman Mahallesi Gezi Caddesi', '55', '751', '55000', '', '', '43411208610', '05378726708', '', ''),
(8, '10', 'Ev Adresi', 'bireysel', 'Engin', 'Taş', '', 'Deneme Mah. Deneme Sok.', '55', '740', '54500', '', '', '1111111111', '05070314388', '05070314388', '08503048350');

-- --------------------------------------------------------

--
-- Tablo için tablo yapısı `lisans`
--

CREATE TABLE `lisans` (
  `kod` varchar(555) COLLATE utf8_turkish_ci DEFAULT NULL
) ENGINE=MyISAM DEFAULT CHARSET=utf8 COLLATE=utf8_turkish_ci;

-- --------------------------------------------------------

--
-- Tablo için tablo yapısı `alt_urun_kategori`
--

CREATE TABLE `alt_urun_kategori` (
  `id` int(11) NOT NULL,
  `sec_kat` varchar(255) COLLATE utf8_turkish_ci NOT NULL,
  `ust_id` int(11) NOT NULL,
  `sira` int(11) NOT NULL,
  `kategori_adi` varchar(255) COLLATE utf8_turkish_ci NOT NULL,
  `seo` varchar(255) COLLATE utf8_turkish_ci NOT NULL,
  `durum` int(11) NOT NULL
) ENGINE=InnoDB DEFAULT CHARSET=utf8 COLLATE=utf8_turkish_ci;

--
-- Tablo döküm verisi `alt_urun_kategori`
--

INSERT INTO `alt_urun_kategori` (`id`, `sec_kat`, `ust_id`, `sira`, `kategori_adi`, `seo`, `durum`) VALUES
(1, 'Renk', 34, 1, 'Apple', 'Apple', 1),
(2, 'Renk', 34, 2, 'Samsung', 'Samsung', 1),
(3, '', 34, 3, 'General Mobile', 'General-Mobile', 1),
(4, '', 34, 4, 'LG', 'LG', 1),
(5, '', 34, 5, 'HTC', 'HTC', 1),
(6, 'Renk', 35, 1, 'Notebook', 'Notebook', 1),
(7, 'Renk', 35, 2, 'Ultrabook', 'Ultrabook', 1),
(8, '', 35, 3, 'Masaüstü PC', 'Masaustu-PC', 1),
(9, '', 35, 4, 'Tablet PC', 'Tablet-PC', 1),
(10, 'Renk', 36, 1, 'LED TV', 'LED-TV', 1),
(11, '', 36, 2, 'Projeksiyon', 'Projeksiyon', 1),
(12, '', 36, 3, 'Ev Sinama Sistemi', 'Ev-Sinama-Sistemi', 1),
(13, '', 45, 1, 'Faks Makineleri', 'Faks-Makineleri', 1),
(14, '', 37, 1, 'Süpürgeler', 'Supurgeler', 1),
(15, '', 37, 2, 'Ütüler', 'Utuler', 1),
(16, '', 37, 3, 'Şarjlı Süpürgeler', 'Sarjli-Supurgeler', 1),
(17, '', 38, 1, 'Vantilatörler', 'Vantilatorler', 1),
(18, '', 38, 2, 'Klimalar', 'Klimalar', 1),
(19, 'Renk', 39, 1, 'Erkek Kol Saatleri', 'Erkek-Kol-Saatleri', 1),
(20, 'Renk', 39, 2, 'Kadın Kol Saatleri', 'Kadin-Kol-Saatleri', 1),
(21, '', 40, 1, 'Bulaşık Makineleri', 'Bulasik-Makineleri', 1),
(22, 'Renk', 40, 2, 'Beyaz Eşya Ankarste', 'Beyaz-Esya-Ankarste', 1),
(23, 'Renk', 41, 1, 'Dijital Fotoğraf Makineleri', 'Dijital-Fotograf-Makineleri', 1),
(24, 'Renk', 41, 2, 'Kamera', 'Kamera', 1),
(25, '', 42, 1, 'Koşu Bandı', 'Kosu-Bandi', 1),
(26, '', 43, 1, 'Sağlık Ürünleri', 'Saglik-Urunleri', 1),
(27, 'Renk||Ayakkabı Numarası', 42, 2, 'Erkek Spor Ayakkabı', 'Erkek-Spor-Ayakkabi', 1),
(28, '', 44, 1, 'Priz', 'Priz', 1);

-- --------------------------------------------------------

--
-- Tablo için tablo yapısı `bilgiler`
--

CREATE TABLE `bilgiler` (
  `id` int(11) NOT NULL,
  `adi` text COLLATE utf8_turkish_ci NOT NULL,
  `aciklama` longtext COLLATE utf8_turkish_ci NOT NULL,
  `resim` text COLLATE utf8_turkish_ci NOT NULL,
  `seo` varchar(255) COLLATE utf8_turkish_ci NOT NULL,
  `durum` int(3) NOT NULL
) ENGINE=MyISAM DEFAULT CHARSET=utf8 COLLATE=utf8_turkish_ci;

--
-- Tablo döküm verisi `bilgiler`
--

INSERT INTO `bilgiler` (`id`, `adi`, `aciklama`, `resim`, `seo`, `durum`) VALUES
(27, 'Teslimat ve İade şartları', '<p>İade eticaretv3.com&rsquo;a ulaştı bilgilendirmesi:&nbsp;İadeniz bize ulaşınca e-posta g&ouml;nderilir.</p>\r\n\r\n<p>Geri &ouml;demeler:&nbsp;İade ettiğiniz scriptler iade şartlarına uyduğu takdirde, eticaretv3.com geri &ouml;demeleri 2 iş g&uuml;n&uuml; i&ccedil;erisinde bankaya iletmektedir. Bundan sonraki s&uuml;reci bankanızdan takip edebilirsiniz.</p>\r\n\r\n<p>İade Adresi:&nbsp;eticaretv3.com<br />\r\nDestek i&ccedil;in&nbsp;bilgi@eticaretv3.com&nbsp;adresine e-posta g&ouml;nderebilirsiniz veya&nbsp;0000 000 00 00 numaralı telefonu arayarak eticaretv3.com M&uuml;şteri Hizmetleri&#39;ne ulaşabilirsiniz.</p>\r\n', '', 'Teslimat-ve-Iade-sartlari', 1),
(28, 'Kalite Politikamız', '<p>Faaliyet Alanımızda</p>\r\n\r\n<p>Bilgi Teknolojilerindeki gelişmelerin yakın takip&ccedil;isi olarak g&uuml;venilir, hızlı, istikrarlı &uuml;r&uuml;n ve hizmet sunumuzla m&uuml;şterilerimiz tarafından, s&ouml;z&uuml;ne bağlılığımız ve Sorumluluk anlayışımızla tedarik&ccedil;ilerimiz tarafından,&nbsp;Aranılan, g&uuml;venilen ve tercih edilen bir firma olmaktır&hellip;</p>\r\n\r\n<p>Se&ccedil;kin, g&uuml;venilir ve katma değeri y&uuml;ksek &ccedil;&ouml;z&uuml;mler &uuml;reten uzman ekibimizi m&uuml;şteri ihtiya&ccedil; ve beklentilerine odaklayarak M&uuml;şteri Coşkusu (sadık, memnun M&uuml;şteriler) yaratmak i&ccedil;in planlı, akılcı kararlar alarak ve kaynaklarımızı etkin bi&ccedil;imde kullanarak,&nbsp;Kalite sistemimizi s&uuml;rekli geliştirmektir.</p>\r\n', '', 'Kalite-Politikamiz', 1),
(29, 'İade Şartları', '<p>Vazge&ccedil;me&nbsp;<br />\r\nAlmış olduğunuz &uuml;r&uuml;n&uuml; ambalajını a&ccedil;madan, kullanmadan, bozulmasına imkan vermeden teslim tarihinden itibaren (7) g&uuml;n i&ccedil;inde iade edebilirsiniz. &Uuml;r&uuml;n&uuml; iade etmeden &ouml;nce iade nedeninizi belirterek fatura numaranız ve sipariş numaranızı i&ccedil;eren bir email ile eticaret@aysamstore.com adresine g&ouml;nderiniz. Şirketimiz g&ouml;nderdiğiniz e-mail veya faksı alır almaz sizinle temasa ge&ccedil;ecek, &uuml;r&uuml;n&uuml; nasıl iade edeceğiniz size bildirilecektir. &Uuml;r&uuml;nle beraber adınıza kesilen faturada geri g&ouml;nderilmelidir. İade edilen &uuml;r&uuml;n yerine bir başka &uuml;r&uuml;n veya &uuml;r&uuml;n&uuml;n bedeli kredi kartınıza iade edilecektir. İade nedeniyle &ouml;denecek taşıma masrafları tarafınızdan karşılanacaktır.</p>\r\n\r\n<p><br />\r\nII. Taşıma Sırasında Hasar G&ouml;rm&uuml;ş &Uuml;r&uuml;nler<br />\r\nTaşıma sırasında zarar g&ouml;rm&uuml;ş &uuml;r&uuml;nler teslim alınmamalı ve taşıma şirketine hasar ile ilgili bir tutanak tutturulmalıdır. &Uuml;r&uuml;ne zarar vermeyecek şekilde kutuda, ambalajda olabilecek k&uuml;&ccedil;&uuml;k eziklerden dolayı &uuml;r&uuml;n iade edilmemelidir. Fakat tarafınızdan teslim alındıktan sonra taşıma firması g&ouml;revini yerine getirdiği kabul edilmiş sayılacaktır. Kabul edilmeyen &uuml;r&uuml;n&uuml;n hasar tutanağı tarafınızdan mağazamıza ulaştırıldıktan sonra, Mağazamız en kısa s&uuml;re i&ccedil;inde &uuml;r&uuml;n&uuml;n yenisini size en sağlıklı şekilde ulaştıracaktır.&nbsp;</p>\r\n\r\n<p><br />\r\nIII. Hatalı &Uuml;r&uuml;nler<br />\r\nTeslimat sırasında fark edilemeyip uygulamada meydana &ccedil;ıkan hatalı &uuml;r&uuml;nleri hatalarını belirterek fatura ve sipariş numaralarınızı i&ccedil;eren e-maili &nbsp;eticaret@aysamstore.com adresine g&ouml;nderiniz. İade gerek&ccedil;eniz uygun g&ouml;r&uuml;l&uuml;rse faturayı iade edilen &uuml;r&uuml;n ile birlikte mağazamıza g&ouml;nderdikten sonra hatalı &uuml;r&uuml;n yenisi ile değiştirilecektir;<br />\r\nİade nedeniyle &ouml;denecek taşıma masrafları tarafınızdan karşılanacaktır.<br />\r\n&nbsp;</p>\r\n', '', 'Iade-Sartlari', 1),
(30, 'Ön Bilgilendirme Formu', '<p style=\"text-align:justify\">Yaygın inancın tersine, Lorem Ipsum rastgele s&ouml;zc&uuml;klerden oluşmaz. K&ouml;kleri M.&Ouml;. 45 tarihinden bu yana klasik Latin edebiyatına kadar uzanan 2000 yıllık bir ge&ccedil;mişi vardır. Virginia&#39;daki Hampden-Sydney College&#39;dan Latince profes&ouml;r&uuml; Richard McClintock, bir Lorem Ipsum pasajında ge&ccedil;en ve anlaşılması en g&uuml;&ccedil; s&ouml;zc&uuml;klerden biri olan &#39;consectetur&#39; s&ouml;zc&uuml;ğ&uuml;n&uuml;n klasik edebiyattaki &ouml;rneklerini incelediğinde kesin bir kaynağa ulaşmıştır. Lorm Ipsum, &Ccedil;i&ccedil;ero tarafından M.&Ouml;. 45 tarihinde kaleme alınan &quot;de Finibus Bonorum et Malorum&quot; (İyi ve K&ouml;t&uuml;n&uuml;n U&ccedil; Sınırları) eserinin 1.10.32 ve 1.10.33 sayılı b&ouml;l&uuml;mlerinden gelmektedir. Bu kitap, ahlak kuramı &uuml;zerine bir tezdir ve R&ouml;nesans d&ouml;neminde &ccedil;ok pop&uuml;ler olmuştur. Lorem Ipsum pasajının ilk satırı olan &quot;Lorem ipsum dolor sit amet&quot; 1.10.32 sayılı b&ouml;l&uuml;mdeki bir satırdan gelmektedir.</p>\r\n\r\n<p style=\"text-align:justify\">1500&#39;lerden beri kullanılmakta olan standard Lorem Ipsum metinleri ilgilenenler i&ccedil;in yeniden &uuml;retilmiştir. &Ccedil;i&ccedil;ero tarafından yazılan 1.10.32 ve 1.10.33 b&ouml;l&uuml;mleri de 1914 H. Rackham &ccedil;evirisinden alınan İngilizce s&uuml;r&uuml;mleri eşliğinde &ouml;zg&uuml;n bi&ccedil;iminden yeniden &uuml;retilmiştir.</p>\r\n', '', 'On-Bilgilendirme-Formu', 1),
(31, 'Mesafeli Satış Sözleşmesi', '<p style=\"text-align:justify\">Yaygın inancın tersine, Lorem Ipsum rastgele s&ouml;zc&uuml;klerden oluşmaz. K&ouml;kleri M.&Ouml;. 45 tarihinden bu yana klasik Latin edebiyatına kadar uzanan 2000 yıllık bir ge&ccedil;mişi vardır. Virginia&#39;daki Hampden-Sydney College&#39;dan Latince profes&ouml;r&uuml; Richard McClintock, bir Lorem Ipsum pasajında ge&ccedil;en ve anlaşılması en g&uuml;&ccedil; s&ouml;zc&uuml;klerden biri olan &#39;consectetur&#39; s&ouml;zc&uuml;ğ&uuml;n&uuml;n klasik edebiyattaki &ouml;rneklerini incelediğinde kesin bir kaynağa ulaşmıştır. Lorm Ipsum, &Ccedil;i&ccedil;ero tarafından M.&Ouml;. 45 tarihinde kaleme alınan &quot;de Finibus Bonorum et Malorum&quot; (İyi ve K&ouml;t&uuml;n&uuml;n U&ccedil; Sınırları) eserinin 1.10.32 ve 1.10.33 sayılı b&ouml;l&uuml;mlerinden gelmektedir. Bu kitap, ahlak kuramı &uuml;zerine bir tezdir ve R&ouml;nesans d&ouml;neminde &ccedil;ok pop&uuml;ler olmuştur. Lorem Ipsum pasajının ilk satırı olan &quot;Lorem ipsum dolor sit amet&quot; 1.10.32 sayılı b&ouml;l&uuml;mdeki bir satırdan gelmektedir.</p>\r\n\r\n<p style=\"text-align:justify\">1500&#39;lerden beri kullanılmakta olan standard Lorem Ipsum metinleri ilgilenenler i&ccedil;in yeniden &uuml;retilmiştir. &Ccedil;i&ccedil;ero tarafından yazılan 1.10.32 ve 1.10.33 b&ouml;l&uuml;mleri de 1914 H. Rackham &ccedil;evirisinden alınan İngilizce s&uuml;r&uuml;mleri eşliğinde &ouml;zg&uuml;n bi&ccedil;iminden yeniden &uuml;retilmiştir.</p>\r\n', '', 'Mesafeli-Satis-Sozlesmesi', 1);

-- --------------------------------------------------------

--
-- Tablo için tablo yapısı `bloglar`
--

CREATE TABLE `bloglar` (
  `id` int(11) NOT NULL,
  `durum` int(11) NOT NULL,
  `resim` varchar(255) COLLATE utf8_turkish_ci NOT NULL,
  `adi` text COLLATE utf8_turkish_ci NOT NULL,
  `aciklama` longtext COLLATE utf8_turkish_ci NOT NULL,
  `tarih` varchar(255) COLLATE utf8_turkish_ci NOT NULL,
  `etiket` text COLLATE utf8_turkish_ci NOT NULL,
  `seo` varchar(300) COLLATE utf8_turkish_ci NOT NULL,
  `hit` int(11) NOT NULL
) ENGINE=InnoDB DEFAULT CHARSET=utf8 COLLATE=utf8_turkish_ci;

--
-- Tablo döküm verisi `bloglar`
--

INSERT INTO `bloglar` (`id`, `durum`, `resim`, `adi`, `aciklama`, `tarih`, `etiket`, `seo`, `hit`) VALUES
(18, 1, '2016_e_ticaret_kategorileri.jpg', ' 2016’da öne çıkması beklenen e-ticaret kategorileri', '<p style=\"margin-bottom: 16px; line-height: 30px; color: rgb(34, 34, 34); font-family: \'Open Sans\', sans-serif;\">Dünkü yazımızda&nbsp;<font color=\"#4483bd\"><span style=\"font-weight: 600; background-image: initial; background-attachment: initial; background-size: initial; background-origin: initial; background-clip: initial; background-position: initial; background-repeat: initial;\">2016 e-ticaret tahminleri</span></font>ne değinmiştik. Önümüzdeki yıl e-ticaret sektörüne adım atmayı düşünen ya da işlerini büyüterek yeni hedef kitlelere ulaşmak isteyenlerin ilgisini çekebilecek ve 2016’da e-ticaret sektöründe ilgi görmesi beklenen kategorileri sizinle paylaşacağız.</p><p style=\"margin-bottom: 16px; line-height: 30px; color: rgb(34, 34, 34); font-family: \'Open Sans\', sans-serif;\">E-ticaret sektörünün gelişmesiyle beraber her yıl daha fazla insan internetten alışveriş yapmaya başlıyor ve farklı kategorilere olan ilgi de artmaya başlıyor. Özellikle niş pazarlarda hizmet veren e-ticaret firmalarının kitleleri de artış gösteriyor. Önümüzdeki yıl bazı kategorilerin de tüketiciler tarafından daha fazla ilgi görmesi bekleniyor.</p><h2 style=\"font-family: \'Open Sans\', sans-serif; line-height: normal; color: rgb(34, 34, 34); margin-top: 50px; font-size: 20px;\"><span style=\"font-weight: 700;\">Spor giyim ürünleri</span></h2><p style=\"margin-bottom: 16px; line-height: 30px; color: rgb(34, 34, 34); font-family: \'Open Sans\', sans-serif;\">Son dönemlerde hem dünyada hem de Türkiye’de dış mekan sporlarına olan ilgi giderek artıyor. Dış mekan sporlarının yanı sıra, spor salonlarına olan ilgi de aynı oranda artış gösteriyor. Tüketicilerin ilgisinin bu alanlara kayması da doğal olarak, spor giyime olan ihtiyacı da artırıyor.</p><p style=\"margin-bottom: 16px; line-height: 30px; color: rgb(34, 34, 34); font-family: \'Open Sans\', sans-serif;\">Spor salonlarına ya da dış mekan sporlarına merak duyan kitlelerin artış göstermesiyle, tüketiciler bu aktiviteleri yaparlarken ihtiyaç duydukları giyim ve aksesuar ürünlerini satın almak için e-ticaret sitelerini ziyaret etmeye başlıyor. Bu alanlara yönelen tüketicilerin demografik yapısına ve satın alma alışkanlıklarına baktığımızda ise akıllı telefon ve internet kullanımına özen gösteren ve internetten alışveriş yapan kitleler olduklarını görüyoruz. Bu nedenle de 2016’da bu kategorinin e-ticarette ilgi görmesi bekleniyor.</p><h2 style=\"font-family: \'Open Sans\', sans-serif; line-height: normal; color: rgb(34, 34, 34); margin-top: 50px; font-size: 20px;\"><span style=\"font-weight: 700;\">Bebek ürünleri</span></h2><p style=\"margin-bottom: 16px; line-height: 30px; color: rgb(34, 34, 34); font-family: \'Open Sans\', sans-serif;\">Bebek ürünleri de internet üzerinden satılan ürünler arasında yer alıyor. Özellikle Y kuşağının artık bebek sahibi olan bir yaş grubu olması ve bu grubun internetten en çok alışveriş yapan grup olması nedeniyle de bebek ürünlerine olan ilginin de önümüzdeki yıl artması bekleniyor.</p><p style=\"margin-bottom: 16px; line-height: 30px; color: rgb(34, 34, 34); font-family: \'Open Sans\', sans-serif;\">Y kuşağı ve özellikle beyaz yakalı diye tabir edeceğimiz kitlelerin yoğun bir iş hayatı bulunuyor ve alışverişe sıkça çıkma şansları bulunmuyor. Bu tempo içerisindeyken alışveriş ihtiyaçlarını internet üzerinden gidermeye çalışıyorlar.</p><p style=\"margin-bottom: 16px; line-height: 30px; color: rgb(34, 34, 34); font-family: \'Open Sans\', sans-serif;\">Artık aile kurmuş ve bebek sahibi olmaya başlayan Y kuşağı, 2016’da bebeklerinin bu tür ihtiyaçlarını karşılayabilmek için internet üzerinden alışveriş yapmayı daha çok tercih edeceği tahmin ediliyor.</p><h2 style=\"font-family: \'Open Sans\', sans-serif; line-height: normal; color: rgb(34, 34, 34); margin-top: 50px; font-size: 20px;\"><span style=\"font-weight: 700;\">Ev dekorasyon ürünleri</span></h2><p style=\"margin-bottom: 16px; line-height: 30px; color: rgb(34, 34, 34); font-family: \'Open Sans\', sans-serif;\">Türkiye e-ticaret sektöründe bir süredir belli bir pazarı olsa da 2016’da ev dekorasyon ve mobilya ürünlerine olan ilginin de artması bekleniyor.</p><p style=\"margin-bottom: 16px; line-height: 30px; color: rgb(34, 34, 34); font-family: \'Open Sans\', sans-serif;\">İş yoğunluğu nedeniyle fiziki mağazaları gezmeye vakit bulamayan ve evlilik aşamasına gelmiş tüketiciler için internetten mobilya ya da ev dekorasyon ürünleri oldukça cazip bir hal almaya başlıyor. Bunun yanı sıra birçok üniversite öğrencesi evlerine eşya almak için de internetten yararlanmayı tercih edebiliyor.</p><p style=\"margin-bottom: 16px; line-height: 30px; color: rgb(34, 34, 34); font-family: \'Open Sans\', sans-serif;\">Geniş fiyat seçenekleri olması ve her bütçeye göre ürünlerin satışının yapılıyor olması da tüketicilere fiziki mağazalardan daha cazip gelmeye başlıyor.</p><h2 style=\"font-family: \'Open Sans\', sans-serif; line-height: normal; color: rgb(34, 34, 34); margin-top: 50px; font-size: 20px;\"><span style=\"font-weight: 700;\">El yapımı ürünler</span></h2><p style=\"margin-bottom: 16px; line-height: 30px; color: rgb(34, 34, 34); font-family: \'Open Sans\', sans-serif;\">El yapımı ürünlere olan ilgi de yavaş yavaş artmaya başlıyor. Orijinal ve kaliteli ürünler tüketicilere farklı görünmeye başlıyor ve el yapımı ürünler de tüketicilerin bu ihtiyacını karşılayabiliyor. 2016 yılında el yapımı ürünler yeri geldiğinde kişiye özel olarak üretilebildiği için hem güzel bir hediye hem de manevi değer taşıyor. Bu sebeple de birçok sanatçı bu tür ürünleri internet üzerinden sergilemeye başlıyor.</p><p style=\"margin-bottom: 16px; line-height: 30px; color: rgb(34, 34, 34); font-family: \'Open Sans\', sans-serif;\">Satın alım gücü yüksek olan kitlelere hitap etse de, satış hacmi az olmasına rağmen kar marjı bu ürünlerde yüksek olabiliyor.</p><h2 style=\"font-family: \'Open Sans\', sans-serif; line-height: normal; color: rgb(34, 34, 34); margin-top: 50px; font-size: 20px;\"><span style=\"font-weight: 700;\">Güzellik ve bakım ürünleri</span></h2><p style=\"margin-bottom: 16px; line-height: 30px; color: rgb(34, 34, 34); font-family: \'Open Sans\', sans-serif;\">Güzellik ve bakım ürünleri tabii ki yıllardır en büyük sektörlerden biri. Özellikle kadın tüketicilerin ilgi gösterdiği bu sektörün, 2016 yılında e-ticaret alanında da rağbet görmesi bekleniyor.</p><p style=\"margin-bottom: 16px; line-height: 30px; color: rgb(34, 34, 34); font-family: \'Open Sans\', sans-serif;\">Kadınların iş arenasındaki yerlerini sağlamlaştırmaya başlamasıyla beraber, kendi bakımlarına daha fazla dikkat ediyorlar. Tabii ki yoğun iş temposu, çalışan kadınların alışverişe ayıracakları zamanı kısıtlayabiliyor. Ancak kişisel bakımlarını ertlemek istemeyen bu grup, internet üzerinden güzellik ve bakım ürünlerine talep gösterecek. Bu ilgiyi ve talebi karşılayan e-ticaret firmaları da 2016’da başarıya ulaşabilirler.</p><h2 style=\"font-family: \'Open Sans\', sans-serif; line-height: normal; color: rgb(34, 34, 34); margin-top: 50px; font-size: 20px;\"><span style=\"font-weight: 700;\">Seyahat</span></h2><p style=\"margin-bottom: 16px; line-height: 30px; color: rgb(34, 34, 34); font-family: \'Open Sans\', sans-serif;\">Tatil ve seyahat sektörü rekabeti en yüksek olan alanlardan biridir. Kurumsal ya da özel sektörlerdeki çalışanların bir yıl boyunca aralıksız çalışmalarının yegane sebeplerinden biri de tatile çıkabilmektir. Kendi hayatlarını kazanma ve ailelerine bakmalarının ardında, kendilerini ödüllendirmek için yılda birkaç kez seyahat etmeyi tercih eden bu kişiler tabii ki aradıklarını internette bulmaya çalışıyor.</p><p style=\"margin-bottom: 16px; line-height: 30px; color: rgb(34, 34, 34); font-family: \'Open Sans\', sans-serif;\">Devamlı olarak iş hayatı içinde olan kişilerin, seyahat acentelerini dolaşmaya vakitleri olmadığı için, internet üzerinden bu işlemleri yapıyorlar. Tatil ve seyahat sektörünün 2016 yılında da önemli bir pazar olacağını söylemek bu nedenle yanlış olmayacaktır.</p>', '08 Şubat 2016, 12:08', 'eticaret kategorileri|mysql|jquery|sektörel paketler', '-2016-da-one-cikmasi-beklenen-e-ticaret-kategorileri', 24),
(19, 1, 'IS_281215_reklam_ajansi_680.jpg', 'Bir reklam ajansı e-ticaret işinizi geliştirmenizde size nasıl yardımcı olabilir?', '<p style=\"margin-bottom: 16px; line-height: 30px; color: rgb(34, 34, 34); font-family: \'Open Sans\', sans-serif;\">E-ticaret, bazı açılardan klasik mağazacılık anlayışından çok daha karışık bir süreç olarak görülebiliyor. Çünkü online dünyada müşterilerin dikkatini çekebilmek, siteye&nbsp;<font color=\"#4483bd\"><span style=\"font-weight: 600; background-image: initial; background-attachment: initial; background-size: initial; background-origin: initial; background-clip: initial; background-position: initial; background-repeat: initial;\">trafik sağlayabilmek</span></font>,&nbsp;<font color=\"#4483bd\"><span style=\"font-weight: 600; background-image: initial; background-attachment: initial; background-size: initial; background-origin: initial; background-clip: initial; background-position: initial; background-repeat: initial;\">dönüşüm oranlarını</span></font>&nbsp;artırabilmek, ürünleri doğru şekilde tanıtabilmek ve müşteri memnuniyeti oluşturmak için birçok teknik bilgi gerektiren konu var. Eğer tüm bu konularda doğru stratejileri oluşturur ve doğru adımları atabilirseniz e-ticaret işinizde kısa zamanda daha hızlı yol kat etmeniz mümkün.</p><p style=\"margin-bottom: 16px; line-height: 30px; color: rgb(34, 34, 34); font-family: \'Open Sans\', sans-serif;\">Tüm bu detaylı süreçleri araştırarak, üzerinde düşünerek, zaman ve enerji harcayarak kendiniz yönetebileceğiniz gibi, bu konularda belli bir bütçe ayırarak profesyonel destek de alabilirsiniz. Günümüzde reklam ajansları e-ticaret sitelerinin ihtiyaç duyduğu birçok alanda tam hizmet ajansı olarak hizmet veriyor. Kendinize uygun bir reklam ajansı belirleyerek siz de daha başarılı olmak ve kısa zamanda daha çok yol kat etmek için üzerinizden büyük bir yükü profesyonel ellere bırakabilirsiniz.</p><p style=\"margin-bottom: 16px; line-height: 30px; color: rgb(34, 34, 34); font-family: \'Open Sans\', sans-serif;\">Peki, reklam ajansları hangi konularda ve nasıl e-ticaret işinize katkı sağlayabilir?</p><h2 style=\"font-family: \'Open Sans\', sans-serif; line-height: normal; color: rgb(34, 34, 34); margin-top: 50px; font-size: 20px;\"><span style=\"font-weight: 700;\">Marka oluşturma</span></h2><p style=\"margin-bottom: 16px; line-height: 30px; color: rgb(34, 34, 34); font-family: \'Open Sans\', sans-serif;\">Tüketicilerin alışveriş kararlarında markanın etkisi göz ardı edilemeyecek kadar güçlü. Marka olmak ise birçok farklı alanı kapsayan uzun ve zorlu bir süreç. Özellikle e-ticarete yeni giriş yaptıysanız ya da henüz bir marka algısı oluşturamadıysanız, yaratıcı bir reklam ajansı isminizden logonuza, ambleminizden kurumsal renklerinize ve dilinize kadar her şeyi sizin için düşüp en doğru şekilde çözümleyebilir.</p><h2 style=\"font-family: \'Open Sans\', sans-serif; line-height: normal; color: rgb(34, 34, 34); margin-top: 50px; font-size: 20px;\"><span style=\"font-weight: 700;\">Sosyal Medya</span></h2><p style=\"margin-bottom: 16px; line-height: 30px; color: rgb(34, 34, 34); font-family: \'Open Sans\', sans-serif;\">Sosyal medya, hedef kitlenizin büyük oranda aktif olarak kullandığı birçok paylaşım platformunu kapsıyor. Her bir sosyal paylaşım sitesi, farklı amaçlar için kullanılıyor ve farklı kriterlere sahip. Bu alanda en yüksek faydayı sağlayabilmeniz için ise biraz bilgi ve uzmanlık gerekiyor. Bu açıdan sosyal medya hizmeti verebilecek bir ajansla iş birliği yaparak potansiyel müşterilerinize rahatlıkla ulaşabileceğiniz bu kaynağı en etkili şekilde değerlendirebilirsiniz.</p><h2 style=\"font-family: \'Open Sans\', sans-serif; line-height: normal; color: rgb(34, 34, 34); margin-top: 50px; font-size: 20px;\"><span style=\"font-weight: 700;\">SEO</span></h2><p style=\"margin-bottom: 16px; line-height: 30px; color: rgb(34, 34, 34); font-family: \'Open Sans\', sans-serif;\">E-ticaret işinizin başarısını artırabilmeniz, hedef kitlenizi sitenize çekebilmeniz ve kendinizi etkili bir şekilde tanıtabilmeniz için en önemli yöntemlerin başında, arama motoru optimizasyonu yani SEO geliyor. Çünkü tüketiciler bugün ihtiyaç duydukları ürünlere ulaşabilmek için ilk olarak arama motorlarına başvuruyorlar. Arama motorlarında öne çıkmak ise birçok teknik bilgi ve araştırma gerektiriyor. Bu konuda uzman bir reklam ajansı doğru stratejilerle sizi kısa zamanda en iyi noktaya getirebilir.</p><h2 style=\"font-family: \'Open Sans\', sans-serif; line-height: normal; color: rgb(34, 34, 34); margin-top: 50px; font-size: 20px;\"><span style=\"font-weight: 700;\">E-posta pazarlama</span></h2><p style=\"margin-bottom: 16px; line-height: 30px; color: rgb(34, 34, 34); font-family: \'Open Sans\', sans-serif;\">E-posta pazarlama da e-ticaret sektöründe hedef kitleye ulaşabilme, etkili kampanya duyuruları gerçekleştirebilme, müşteri bağlılığı ve dönüşüm oranları açısından yararlanılan en önemli yöntemlerin başında geliyor. Bir reklam ajansı, etkili e-posta kampanyaları oluşturmanız ve en doğru zamanda paylaşmanız için size yardımcı olabilir.</p><h2 style=\"font-family: \'Open Sans\', sans-serif; line-height: normal; color: rgb(34, 34, 34); margin-top: 50px; font-size: 20px;\"><span style=\"font-weight: 700;\">Danışmanlık ve stratejik planlama</span></h2><p style=\"margin-bottom: 16px; line-height: 30px; color: rgb(34, 34, 34); font-family: \'Open Sans\', sans-serif;\">Günümüzde reklam ajanslarının çoğu müşterileri için sadece danışmanlık hizmeti vererek bile, başarılı stratejiler geliştirebilmeleri açısından önerilerde bulunabiliyorlar. Eğer sosyal medyadan, SEO’ya, reklam satın almadan,&nbsp;<font color=\"#4483bd\"><span style=\"font-weight: 600; background-image: initial; background-attachment: initial; background-size: initial; background-origin: initial; background-clip: initial; background-position: initial; background-repeat: initial;\">tasarıma</span></font>&nbsp;kadar her şeyi kendi içimizde çözebilecek durumdayız fakat profesyonel bir bakış açısı ve stratejik çözümler bizim için iyi olabilir diyorsanız, başarılı bulduğunuz bir reklam ajansından sadece bu konuda da destek almanız mümkün.</p><h2 style=\"font-family: \'Open Sans\', sans-serif; line-height: normal; color: rgb(34, 34, 34); margin-top: 50px; font-size: 20px;\"><span style=\"font-weight: 700;\">Prodüksiyon</span></h2><p style=\"margin-bottom: 16px; line-height: 30px; color: rgb(34, 34, 34); font-family: \'Open Sans\', sans-serif;\">Video ve fotoğraf çekimi yapan reklam ajanslarıyla da çalışabilir ve ürün görsellerinizin daha kaliteli, profesyonel ve dikkat çekici olmasını sağlayabilirsiniz. Ayrıca bu hizmetleri veren ajansınızdan sosyal paylaşımlarda da kullanabileceğiniz yaratıcı ve viral video içerikleri oluşturmalarını da isteyebilirsiniz.</p><p style=\"margin-bottom: 16px; line-height: 30px; color: rgb(34, 34, 34); font-family: \'Open Sans\', sans-serif;\">Verdiğimiz tüm bu bilgiler, e-ticaret işinizde her biri büyük bir emek, bilgi ve zaman gerektiren bu önemli süreçlerin sorumluluğunu profesyonelleriyle paylaşmanız açısından size yol gösterebilir. Bu yöntemle, e-ticaret işinizi daha hızlı bir şekilde daha başarılı bir yere getirebilirsiniz. Bunun yanında başarı için e-ticaret sitenizin güçlü bir alt yapıya sahip olması da çok büyük önem taşıyor.</p><p style=\"margin-bottom: 16px; line-height: 30px; color: rgb(34, 34, 34); font-family: \'Open Sans\', sans-serif;\">Türkiye’nin lider altyapı sağlayıcı Eticaret V3 olarak biz, size çıktığınız bu yolda en profesyonel ve&nbsp;<font color=\"#4483bd\"><span style=\"font-weight: 600; background-image: initial; background-attachment: initial; background-size: initial; background-origin: initial; background-clip: initial; background-position: initial; background-repeat: initial;\">akıllı çözümlerle</span></font>&nbsp;her türlü teknik desteği veriyoruz. Siz de hemen&nbsp;<font color=\"#4483bd\"><span style=\"font-weight: 600; background-image: initial; background-attachment: initial; background-size: initial; background-origin: initial; background-clip: initial; background-position: initial; background-repeat: initial;\">ücretsiz demo hesabınızı oluşturun</span></font>, başarılı bir geleceğe doğru en önemli adımı atın.</p>', '08 Şubat 2016, 12:06', 'reklam ajansı|php|eticaret|yazılım hizmetleri', 'Bir-reklam-ajansi-e-ticaret-isinizi-gelistirmenizde-size-nasil-yardimci-olabilir-', 39),
(20, 1, 'IS_080216_alisveris_680.jpg', 'Dünden bugüne alışverişi etkileyen en önemli gelişmeler', '<p style=\"margin-bottom: 16px; line-height: 30px; color: rgb(34, 34, 34); font-family: \'Open Sans\', sans-serif;\">İnternetten alışverişin ortaya çıkmasıyla pek çoğumuz için alışveriş kavramı bambaşka bir noktaya geldi. Muhtemelen, alışveriş sektöründe, hayatımız boyunca görebileceğimiz en büyük yenilik olan&nbsp;<font color=\"#4483bd\"><span style=\"font-weight: 600; background-image: initial; background-attachment: initial; background-size: initial; background-origin: initial; background-clip: initial; background-position: initial; background-repeat: initial;\">online alışveriş</span></font>&nbsp;kavramı da hızla gelişmeye devam ediyor.</p><p style=\"margin-bottom: 16px; line-height: 30px; color: rgb(34, 34, 34); font-family: \'Open Sans\', sans-serif;\">Alışveriş kavramını bugünlere taşıyan gelişmeler nasıl yaşandı? Hangi yenilik alışverişe ne kattı? İşte kronolojik sırasıyla her biri alışverişin birer kilometre taşı olan bu önemli gelişmeler…</p><h2 style=\"font-family: \'Open Sans\', sans-serif; line-height: normal; color: rgb(34, 34, 34); margin-top: 50px; font-size: 20px;\"><span style=\"font-weight: 700;\">Katalog (1498 İtalya)</span></h2><p style=\"margin-bottom: 16px; line-height: 30px; color: rgb(34, 34, 34); font-family: \'Open Sans\', sans-serif;\">İlk olarak 1498 yılında Venedik’te, satışta olan kitapların listelendiği ve el yazması olarak hazırlanan kataloglar daha sonrasında alışverişin vazgeçilmez unsurları olarak varlıklarını devam ettirdiler. Günümüzde de geçerliliğini koruyan kataloglar sayesinde istediğimiz ürün özelliklerini kolayca öğrenerek seçim yapabiliyoruz. E-ticaretin hayatımıza girmesiyle artık, bilgisayar ve mobil cihazlarımızla gezindiğimiz alışveriş sitelerinin her biri, birer dijital katalog olarak da düşünülebilir.</p><h2 style=\"font-family: \'Open Sans\', sans-serif; line-height: normal; color: rgb(34, 34, 34); margin-top: 50px; font-size: 20px;\"><span style=\"font-weight: 700;\">Kuponlar (1887 ABD)</span></h2><p style=\"margin-bottom: 16px; line-height: 30px; color: rgb(34, 34, 34); font-family: \'Open Sans\', sans-serif;\">Dünyada pazarlama denilince akla gelen ilk isimlerden biri olan Coca Cola, dünyada kupon sistemini de ilk kullanan marka olarak karşımıza çıkıyor. Coca Cola’nın 1887 yılındaki sahiplerinden Asa Griggs Candler, oluşturduğu indirim sistemine, Fransızcada kesmek anlamına gelen “couper” fiilinden türettiği “coupon” adını vererek pazarlama dünyasına, bugünün dijital alışveriş ortamında da kullanılan önemli bir katkı yaptı.</p><h2 style=\"font-family: \'Open Sans\', sans-serif; line-height: normal; color: rgb(34, 34, 34); margin-top: 50px; font-size: 20px;\"><span style=\"font-weight: 700;\">Self servis (1917 ABD)</span></h2><p style=\"margin-bottom: 16px; line-height: 30px; color: rgb(34, 34, 34); font-family: \'Open Sans\', sans-serif;\">1917 yılında Amerikan Patent Ofisi, Clarence Saunders’e, “kendi kendine hizmet eden mağaza” adında bir patent verdiğinde self servis kavramından kimsenin haberi yoktu. Müşterilerin ürünleri raflardan kendisinin toplayıp kasada ödeme yaptığı bu sistemi bugün halen marketlerde, mağazalarda ve birçok restoranda kullanmaya devam ediyoruz.</p><h2 style=\"font-family: \'Open Sans\', sans-serif; line-height: normal; color: rgb(34, 34, 34); margin-top: 50px; font-size: 20px;\"><span style=\"font-weight: 700;\">Kredi kartları (1950 ABD)</span></h2><p style=\"margin-bottom: 16px; line-height: 30px; color: rgb(34, 34, 34); font-family: \'Open Sans\', sans-serif;\">Aynı kartı kullanarak farklı işletmelerde ödeme yapabilme kavramını ilk olarak 1950 yılında ortaya çıkartan Ralph Schneider ve Frank McNamara, o dönem sadece restoranlarda kullanılabilecek “The Diner’s Club” adında bir kart fikrini hayata geçirdiklerinde, alışveriş için de geleceğe yön veren bir yeniliğe imza atmış oldular. Bugün artık pek çok ülkede neredeyse nakit alışverişin önüne geçen kredi kartı kullanımı e-ticaretin de en önemli ödeme araçlerından biri olarak karşımıza çıkıyor.</p><h2 style=\"font-family: \'Open Sans\', sans-serif; line-height: normal; color: rgb(34, 34, 34); margin-top: 50px; font-size: 20px;\"><span style=\"font-weight: 700;\">Barkod (1952 ABD)</span></h2><p style=\"margin-bottom: 16px; line-height: 30px; color: rgb(34, 34, 34); font-family: \'Open Sans\', sans-serif;\">Mühendis Joseph Woodland tarafından 1948 yılında geliştirilmeye başlanan ve bilgisayar tarafından tarandığında ürün bilgilerini kullanıcıya sunan barkodlar 1952 yılında tamamlanmasına rağmen IBM tarafından günlük hayatta kullanıma geçirilmesi için bir 20 yıl daha geçmesi gerekti.</p><h2 style=\"font-family: \'Open Sans\', sans-serif; line-height: normal; color: rgb(34, 34, 34); margin-top: 50px; font-size: 20px;\"><span style=\"font-weight: 700;\">Plastik poşetler (1960 İsveç)</span></h2><p style=\"margin-bottom: 16px; line-height: 30px; color: rgb(34, 34, 34); font-family: \'Open Sans\', sans-serif;\">Yüksek yoğunluklu polietilenin kullanılmaya başlandığı 1960 yılından 5 yıl sonra, Celloplast adlı bir firma Amerikan Patent Ofisine başvurarak, bugün de kullandığımız plastik poşetin patentini aldı.</p><h2 style=\"font-family: \'Open Sans\', sans-serif; line-height: normal; color: rgb(34, 34, 34); margin-top: 50px; font-size: 20px;\"><span style=\"font-weight: 700;\">Uzaktan alışveriş (1984 Birleşik Krallık)</span></h2><p style=\"margin-bottom: 16px; line-height: 30px; color: rgb(34, 34, 34); font-family: \'Open Sans\', sans-serif;\">İnternetin bulunmasından 6 yıl önce, İngiltere’de bir büyükanne, televizyonunun teleteksinde yayın yapan yerel markete televizyon kumandasını kullanarak sipariş verdiğinde ilk çevrimiçi alışverişi de gerçekleştirmiş oldu. Bugünse artık ticaret sektörünün hızla büyüyen yüzü olan e-ticaret, hemen hemen hepimizin hayatlarına girmiş durumda.</p><p style=\"margin-bottom: 16px; line-height: 30px; color: rgb(34, 34, 34); font-family: \'Open Sans\', sans-serif;\">Bütün bu gelişmeler, hayatımızın her an içinde olan alışveriş kavramını bugünlere getirdi. Artık e-ticaret çağında neredeyse her gün başka bir yenilik karşımıza çıkıyor. Siz de e-ticaret dünyasında yer almak istiyorsanız eticaretv3 sektör tecrübesiyle yanınızda olmaya hazır.&nbsp;<font color=\"#4483bd\"><span style=\"font-weight: 600; background-image: initial; background-attachment: initial; background-size: initial; background-origin: initial; background-clip: initial; background-position: initial; background-repeat: initial;\">Hemen formu doldurarak demo hesabınız için başvurun</span></font>&nbsp;ve e-ticarette eticaretV3 ile başarıyı yakalayın.</p>', '08 Şubat 2016, 12:03', 'google|seo|eticaretv3|sektörel paketler', 'Dunden-bugune-alisverisi-etkileyen-en-onemli-gelismeler', 42);

-- --------------------------------------------------------

--
-- Tablo için tablo yapısı `ebulten`
--

CREATE TABLE `ebulten` (
  `id` int(11) NOT NULL,
  `email` varchar(255) COLLATE utf8_turkish_ci NOT NULL,
  `ip` varchar(255) COLLATE utf8_turkish_ci NOT NULL,
  `tarih` varchar(255) COLLATE utf8_turkish_ci NOT NULL
) ENGINE=InnoDB DEFAULT CHARSET=utf8 COLLATE=utf8_turkish_ci;

--
-- Tablo döküm verisi `ebulten`
--

INSERT INTO `ebulten` (`id`, `email`, `ip`, `tarih`) VALUES
(1, 'osman_trs1967@hotmail.com', '::1', '17 Şubat 2016, 13:13');

-- --------------------------------------------------------

--
-- Tablo için tablo yapısı `etiketler`
--

CREATE TABLE `etiketler` (
  `id` int(11) NOT NULL,
  `adi` varchar(255) COLLATE utf8_turkish_ci NOT NULL,
  `url` varchar(300) COLLATE utf8_turkish_ci NOT NULL,
  `durum` int(11) NOT NULL
) ENGINE=InnoDB DEFAULT CHARSET=utf8 COLLATE=utf8_turkish_ci;

-- --------------------------------------------------------

--
-- Tablo için tablo yapısı `ilceler`
--

CREATE TABLE `ilceler` (
  `id` int(11) NOT NULL,
  `il_id` int(11) DEFAULT NULL,
  `baslik` varchar(255) COLLATE utf8_unicode_ci NOT NULL
) ENGINE=InnoDB DEFAULT CHARSET=utf8 COLLATE=utf8_unicode_ci;

--
-- Tablo döküm verisi `ilceler`
--

INSERT INTO `ilceler` (`id`, `il_id`, `baslik`) VALUES
(1, 1, 'Seyhan'),
(2, 1, 'Ceyhan'),
(3, 1, 'Feke'),
(4, 1, 'Karaisalı'),
(5, 1, 'Karataş'),
(6, 1, 'Kozan'),
(7, 1, 'Pozantı'),
(8, 1, 'Saimbeyli'),
(9, 1, 'Tufanbeyli'),
(10, 1, 'Yumurtalık'),
(11, 1, 'Yüreğir'),
(12, 1, 'Aladağ'),
(13, 1, 'İmamoğlu'),
(14, 1, 'Sarıçam'),
(15, 1, 'Çukurova'),
(16, 2, 'Adıyaman Merkez'),
(17, 2, 'Besni'),
(18, 2, 'Çelikhan'),
(19, 2, 'Gerger'),
(20, 2, 'Gölbaşı / Adıyaman'),
(21, 2, 'Kahta'),
(22, 2, 'Samsat'),
(23, 2, 'Sincik'),
(24, 2, 'Tut'),
(25, 3, 'Afyonkarahisar Merkez'),
(26, 3, 'Bolvadin'),
(27, 3, 'Çay'),
(28, 3, 'Dazkırı'),
(29, 3, 'Dinar'),
(30, 3, 'Emirdağ'),
(31, 3, 'İhsaniye'),
(32, 3, 'Sandıklı'),
(33, 3, 'Sinanpaşa'),
(34, 3, 'Sultandağı'),
(35, 3, 'Şuhut'),
(36, 3, 'Başmakçı'),
(37, 3, 'Bayat / Afyonkarahisar'),
(38, 3, 'İscehisar'),
(39, 3, 'Çobanlar'),
(40, 3, 'Evciler'),
(41, 3, 'Hocalar'),
(42, 3, 'Kızılören'),
(43, 4, 'Ağrı Merkez'),
(44, 4, 'Diyadin'),
(45, 4, 'Doğubayazıt'),
(46, 4, 'Eleşkirt'),
(47, 4, 'Hamur'),
(48, 4, 'Patnos'),
(49, 4, 'Taşlıçay'),
(50, 4, 'Tutak'),
(51, 5, 'Amasya Merkez'),
(52, 5, 'Göynücek'),
(53, 5, 'Gümüşhacıköy'),
(54, 5, 'Merzifon'),
(55, 5, 'Suluova'),
(56, 5, 'Taşova'),
(57, 5, 'Hamamözü'),
(58, 6, 'Altındağ'),
(59, 6, 'Ayaş'),
(60, 6, 'Bala'),
(61, 6, 'Beypazarı'),
(62, 6, 'Çamlıdere'),
(63, 6, 'Çankaya'),
(64, 6, 'Çubuk'),
(65, 6, 'Elmadağ'),
(66, 6, 'Güdül'),
(67, 6, 'Haymana'),
(68, 6, 'Kalecik'),
(69, 6, 'Kızılcahamam'),
(70, 6, 'Nallıhan'),
(71, 6, 'Polatlı'),
(72, 6, 'Şereflikoçhisar'),
(73, 6, 'Yenimahalle'),
(74, 6, 'Gölbaşı / Ankara'),
(75, 6, 'Keçiören'),
(76, 6, 'Mamak'),
(77, 6, 'Sincan'),
(78, 6, 'Kazan'),
(79, 6, 'Akyurt'),
(80, 6, 'Etimesgut'),
(81, 6, 'Evren'),
(82, 6, 'Pursaklar'),
(83, 7, 'Akseki'),
(84, 7, 'Alanya'),
(85, 7, 'Elmalı'),
(86, 7, 'Finike'),
(87, 7, 'Gazipaşa'),
(88, 7, 'Gündoğmuş'),
(89, 7, 'Kaş'),
(90, 7, 'Korkuteli'),
(91, 7, 'Kumluca'),
(92, 7, 'Manavgat'),
(93, 7, 'Serik'),
(94, 7, 'Demre'),
(95, 7, 'İbradı'),
(96, 7, 'Kemer / Antalya'),
(97, 7, 'Aksu / Antalya'),
(98, 7, 'Döşemealtı'),
(99, 7, 'Kepez'),
(100, 7, 'Konyaaltı'),
(101, 7, 'Muratpaşa'),
(102, 8, 'Ardanuç'),
(103, 8, 'Arhavi'),
(104, 8, 'Artvin Merkez'),
(105, 8, 'Borçka'),
(106, 8, 'Hopa'),
(107, 8, 'Şavşat'),
(108, 8, 'Yusufeli'),
(109, 8, 'Murgul'),
(110, 9, 'Bozdoğan'),
(111, 9, 'Çine'),
(112, 9, 'Germencik'),
(113, 9, 'Karacasu'),
(114, 9, 'Koçarlı'),
(115, 9, 'Kuşadası'),
(116, 9, 'Kuyucak'),
(117, 9, 'Nazilli'),
(118, 9, 'Söke'),
(119, 9, 'Sultanhisar'),
(120, 9, 'Yenipazar / Aydın'),
(121, 9, 'Buharkent'),
(122, 9, 'İncirliova'),
(123, 9, 'Karpuzlu'),
(124, 9, 'Köşk'),
(125, 9, 'Didim'),
(126, 9, 'Efeler'),
(127, 10, 'Ayvalık'),
(128, 10, 'Balya'),
(129, 10, 'Bandırma'),
(130, 10, 'Bigadiç'),
(131, 10, 'Burhaniye'),
(132, 10, 'Dursunbey'),
(133, 10, 'Edremit / Balıkesir'),
(134, 10, 'Erdek'),
(135, 10, 'Gönen / Balıkesir'),
(136, 10, 'Havran'),
(137, 10, 'İvrindi'),
(138, 10, 'Kepsut'),
(139, 10, 'Manyas'),
(140, 10, 'Savaştepe'),
(141, 10, 'Sındırgı'),
(142, 10, 'Susurluk'),
(143, 10, 'Marmara'),
(144, 10, 'Gömeç'),
(145, 10, 'Altıeylül'),
(146, 10, 'Karesi'),
(147, 11, 'Bilecik Merkez'),
(148, 11, 'Bozüyük'),
(149, 11, 'Gölpazarı'),
(150, 11, 'Osmaneli'),
(151, 11, 'Pazaryeri'),
(152, 11, 'Söğüt'),
(153, 11, 'Yenipazar / Bilecik'),
(154, 11, 'İnhisar'),
(155, 12, 'Bingöl Merkez'),
(156, 12, 'Genç'),
(157, 12, 'Karlıova'),
(158, 12, 'Kiğı'),
(159, 12, 'Solhan'),
(160, 12, 'Adaklı'),
(161, 12, 'Yayladere'),
(162, 12, 'Yedisu'),
(163, 13, 'Adilcevaz'),
(164, 13, 'Ahlat'),
(165, 13, 'Bitlis Merkez'),
(166, 13, 'Hizan'),
(167, 13, 'Mutki'),
(168, 13, 'Tatvan'),
(169, 13, 'Güroymak'),
(170, 14, 'Bolu Merkez'),
(171, 14, 'Gerede'),
(172, 14, 'Göynük'),
(173, 14, 'Kıbrıscık'),
(174, 14, 'Mengen'),
(175, 14, 'Mudurnu'),
(176, 14, 'Seben'),
(177, 14, 'Dörtdivan'),
(178, 14, 'Yeniçağa'),
(179, 15, 'Ağlasun'),
(180, 15, 'Bucak'),
(181, 15, 'Burdur Merkez'),
(182, 15, 'Gölhisar'),
(183, 15, 'Tefenni'),
(184, 15, 'Yeşilova'),
(185, 15, 'Karamanlı'),
(186, 15, 'Kemer / Burdur'),
(187, 15, 'Altınyayla / Burdur'),
(188, 15, 'Çavdır'),
(189, 15, 'Çeltikçi'),
(190, 16, 'Gemlik'),
(191, 16, 'İnegöl'),
(192, 16, 'İznik'),
(193, 16, 'Karacabey'),
(194, 16, 'Keles'),
(195, 16, 'Mudanya'),
(196, 16, 'Mustafakemalpaşa'),
(197, 16, 'Orhaneli'),
(198, 16, 'Orhangazi'),
(199, 16, 'Yenişehir / Bursa'),
(200, 16, 'Büyükorhan'),
(201, 16, 'Harmancık'),
(202, 16, 'Nilüfer'),
(203, 16, 'Osmangazi'),
(204, 16, 'Yıldırım'),
(205, 16, 'Gürsu'),
(206, 16, 'Kestel'),
(207, 17, 'Ayvacık / Çanakkale'),
(208, 17, 'Bayramiç'),
(209, 17, 'Biga'),
(210, 17, 'Bozcaada'),
(211, 17, 'Çan'),
(212, 17, 'Çanakkale Merkez'),
(213, 17, 'Eceabat'),
(214, 17, 'Ezine'),
(215, 17, 'Gelibolu'),
(216, 17, 'Gökçeada'),
(217, 17, 'Lapseki'),
(218, 17, 'Yenice / Çanakkale'),
(219, 18, 'Çankırı Merkez'),
(220, 18, 'Çerkeş'),
(221, 18, 'Eldivan'),
(222, 18, 'Ilgaz'),
(223, 18, 'Kurşunlu'),
(224, 18, 'Orta'),
(225, 18, 'Şabanözü'),
(226, 18, 'Yapraklı'),
(227, 18, 'Atkaracalar'),
(228, 18, 'Kızılırmak'),
(229, 18, 'Bayramören'),
(230, 18, 'Korgun'),
(231, 19, 'Alaca'),
(232, 19, 'Bayat / Çorum'),
(233, 19, 'Çorum Merkez'),
(234, 19, 'İskilip'),
(235, 19, 'Kargı'),
(236, 19, 'Mecitözü'),
(237, 19, 'Ortaköy / Çorum'),
(238, 19, 'Osmancık'),
(239, 19, 'Sungurlu'),
(240, 19, 'Boğazkale'),
(241, 19, 'Uğurludağ'),
(242, 19, 'Dodurga'),
(243, 19, 'Laçin'),
(244, 19, 'Oğuzlar'),
(245, 20, 'Acıpayam'),
(246, 20, 'Buldan'),
(247, 20, 'Çal'),
(248, 20, 'Çameli'),
(249, 20, 'Çardak'),
(250, 20, 'Çivril'),
(251, 20, 'Güney'),
(252, 20, 'Kale / Denizli'),
(253, 20, 'Sarayköy'),
(254, 20, 'Tavas'),
(255, 20, 'Babadağ'),
(256, 20, 'Bekilli'),
(257, 20, 'Honaz'),
(258, 20, 'Serinhisar'),
(259, 20, 'Pamukkale'),
(260, 20, 'Baklan'),
(261, 20, 'Beyağaç'),
(262, 20, 'Bozkurt / Denizli'),
(263, 20, 'Merkezefendi'),
(264, 21, 'Bismil'),
(265, 21, 'Çermik'),
(266, 21, 'Çınar'),
(267, 21, 'Çüngüş'),
(268, 21, 'Dicle'),
(269, 21, 'Ergani'),
(270, 21, 'Hani'),
(271, 21, 'Hazro'),
(272, 21, 'Kulp'),
(273, 21, 'Lice'),
(274, 21, 'Silvan'),
(275, 21, 'Eğil'),
(276, 21, 'Kocaköy'),
(277, 21, 'Bağlar'),
(278, 21, 'Kayapınar'),
(279, 21, 'Sur'),
(280, 21, 'Yenişehir / Diyarbakır'),
(281, 22, 'Edirne Merkez'),
(282, 22, 'Enez'),
(283, 22, 'Havsa'),
(284, 22, 'İpsala'),
(285, 22, 'Keşan'),
(286, 22, 'Lalapaşa'),
(287, 22, 'Meriç'),
(288, 22, 'Uzunköprü'),
(289, 22, 'Süloğlu'),
(290, 23, 'Ağın'),
(291, 23, 'Baskil'),
(292, 23, 'Elazığ Merkez'),
(293, 23, 'Karakoçan'),
(294, 23, 'Keban'),
(295, 23, 'Maden'),
(296, 23, 'Palu'),
(297, 23, 'Sivrice'),
(298, 23, 'Arıcak'),
(299, 23, 'Kovancılar'),
(300, 23, 'Alacakaya'),
(301, 24, 'Çayırlı'),
(302, 24, 'Erzincan Merkez'),
(303, 24, 'İliç'),
(304, 24, 'Kemah'),
(305, 24, 'Kemaliye'),
(306, 24, 'Refahiye'),
(307, 24, 'Tercan'),
(308, 24, 'Üzümlü'),
(309, 24, 'Otlukbeli'),
(310, 25, 'Aşkale'),
(311, 25, 'Çat'),
(312, 25, 'Hınıs'),
(313, 25, 'Horasan'),
(314, 25, 'İspir'),
(315, 25, 'Karayazı'),
(316, 25, 'Narman'),
(317, 25, 'Oltu'),
(318, 25, 'Olur'),
(319, 25, 'Pasinler'),
(320, 25, 'Şenkaya'),
(321, 25, 'Tekman'),
(322, 25, 'Tortum'),
(323, 25, 'Karaçoban'),
(324, 25, 'Uzundere'),
(325, 25, 'Pazaryolu'),
(326, 25, 'Aziziye'),
(327, 25, 'Köprüköy'),
(328, 25, 'Palandöken'),
(329, 25, 'Yakutiye'),
(330, 26, 'Çifteler'),
(331, 26, 'Mahmudiye'),
(332, 26, 'Mihalıççık'),
(333, 26, 'Sarıcakaya'),
(334, 26, 'Seyitgazi'),
(335, 26, 'Sivrihisar'),
(336, 26, 'Alpu'),
(337, 26, 'Beylikova'),
(338, 26, 'İnönü'),
(339, 26, 'Günyüzü'),
(340, 26, 'Han'),
(341, 26, 'Mihalgazi'),
(342, 26, 'Odunpazarı'),
(343, 26, 'Tepebaşı'),
(344, 27, 'Araban'),
(345, 27, 'İslahiye'),
(346, 27, 'Nizip'),
(347, 27, 'Oğuzeli'),
(348, 27, 'Yavuzeli'),
(349, 27, 'Şahinbey'),
(350, 27, 'Şehitkamil'),
(351, 27, 'Karkamış'),
(352, 27, 'Nurdağı'),
(353, 28, 'Alucra'),
(354, 28, 'Bulancak'),
(355, 28, 'Dereli'),
(356, 28, 'Espiye'),
(357, 28, 'Eynesil'),
(358, 28, 'Giresun Merkez'),
(359, 28, 'Görele'),
(360, 28, 'Keşap'),
(361, 28, 'Şebinkarahisar'),
(362, 28, 'Tirebolu'),
(363, 28, 'Piraziz'),
(364, 28, 'Yağlıdere'),
(365, 28, 'Çamoluk'),
(366, 28, 'Çanakçı'),
(367, 28, 'Doğankent'),
(368, 28, 'Güce'),
(369, 29, 'Gümüşhane Merkez'),
(370, 29, 'Kelkit'),
(371, 29, 'Şiran'),
(372, 29, 'Torul'),
(373, 29, 'Köse'),
(374, 29, 'Kürtün'),
(375, 30, 'Çukurca'),
(376, 30, 'Hakkari Merkez'),
(377, 30, 'Şemdinli'),
(378, 30, 'Yüksekova'),
(379, 31, 'Altınözü'),
(380, 31, 'Dörtyol'),
(381, 31, 'Hassa'),
(382, 31, 'İskenderun'),
(383, 31, 'Kırıkhan'),
(384, 31, 'Reyhanlı'),
(385, 31, 'Samandağ'),
(386, 31, 'Yayladağı'),
(387, 31, 'Erzin'),
(388, 31, 'Belen'),
(389, 31, 'Kumlu'),
(390, 31, 'Antakya'),
(391, 31, 'Arsuz'),
(392, 31, 'Defne'),
(393, 31, 'Payas'),
(394, 32, 'Atabey'),
(395, 32, 'Eğirdir'),
(396, 32, 'Gelendost'),
(397, 32, 'Isparta Merkez'),
(398, 32, 'Keçiborlu'),
(399, 32, 'Senirkent'),
(400, 32, 'Sütçüler'),
(401, 32, 'Şarkikaraağaç'),
(402, 32, 'Uluborlu'),
(403, 32, 'Yalvaç'),
(404, 32, 'Aksu / Isparta'),
(405, 32, 'Gönen / Isparta'),
(406, 32, 'Yenişarbademli'),
(407, 33, 'Anamur'),
(408, 33, 'Erdemli'),
(409, 33, 'Gülnar'),
(410, 33, 'Mut'),
(411, 33, 'Silifke'),
(412, 33, 'Tarsus'),
(413, 33, 'Aydıncık / Mersin'),
(414, 33, 'Bozyazı'),
(415, 33, 'Çamlıyayla'),
(416, 33, 'Akdeniz'),
(417, 33, 'Mezitli'),
(418, 33, 'Toroslar'),
(419, 33, 'Yenişehir / Mersin'),
(420, 34, 'Adalar'),
(421, 34, 'Bakırköy'),
(422, 34, 'Beşiktaş'),
(423, 34, 'Beykoz'),
(424, 34, 'Beyoğlu'),
(425, 34, 'Çatalca'),
(426, 34, 'Eyüp'),
(427, 34, 'Fatih'),
(428, 34, 'Gaziosmanpaşa'),
(429, 34, 'Kadıköy'),
(430, 34, 'Kartal'),
(431, 34, 'Sarıyer'),
(432, 34, 'Silivri'),
(433, 34, 'Şile'),
(434, 34, 'Şişli'),
(435, 34, 'Üsküdar'),
(436, 34, 'Zeytinburnu'),
(437, 34, 'Büyükçekmece'),
(438, 34, 'Kağıthane'),
(439, 34, 'Küçükçekmece'),
(440, 34, 'Pendik'),
(441, 34, 'Ümraniye'),
(442, 34, 'Bayrampaşa'),
(443, 34, 'Avcılar'),
(444, 34, 'Bağcılar'),
(445, 34, 'Bahçelievler'),
(446, 34, 'Güngören'),
(447, 34, 'Maltepe'),
(448, 34, 'Sultanbeyli'),
(449, 34, 'Tuzla'),
(450, 34, 'Esenler'),
(451, 34, 'Arnavutköy'),
(452, 34, 'Ataşehir'),
(453, 34, 'Başakşehir'),
(454, 34, 'Beylikdüzü'),
(455, 34, 'Çekmeköy'),
(456, 34, 'Esenyurt'),
(457, 34, 'Sancaktepe'),
(458, 34, 'Sultangazi'),
(459, 35, 'Aliağa'),
(460, 35, 'Bayındır'),
(461, 35, 'Bergama'),
(462, 35, 'Bornova'),
(463, 35, 'Çeşme'),
(464, 35, 'Dikili'),
(465, 35, 'Foça'),
(466, 35, 'Karaburun'),
(467, 35, 'Karşıyaka'),
(468, 35, 'Kemalpaşa'),
(469, 35, 'Kınık'),
(470, 35, 'Kiraz'),
(471, 35, 'Menemen'),
(472, 35, 'Ödemiş'),
(473, 35, 'Seferihisar'),
(474, 35, 'Selçuk'),
(475, 35, 'Tire'),
(476, 35, 'Torbalı'),
(477, 35, 'Urla'),
(478, 35, 'Beydağ'),
(479, 35, 'Buca'),
(480, 35, 'Konak'),
(481, 35, 'Menderes'),
(482, 35, 'Balçova'),
(483, 35, 'Çiğli'),
(484, 35, 'Gaziemir'),
(485, 35, 'Narlıdere'),
(486, 35, 'Güzelbahçe'),
(487, 35, 'Bayraklı'),
(488, 35, 'Karabağlar'),
(489, 36, 'Arpaçay'),
(490, 36, 'Digor'),
(491, 36, 'Kağızman'),
(492, 36, 'Kars Merkez'),
(493, 36, 'Sarıkamış'),
(494, 36, 'Selim'),
(495, 36, 'Susuz'),
(496, 36, 'Akyaka'),
(497, 37, 'Abana'),
(498, 37, 'Araç'),
(499, 37, 'Azdavay'),
(500, 37, 'Bozkurt / Kastamonu'),
(501, 37, 'Cide'),
(502, 37, 'Çatalzeytin'),
(503, 37, 'Daday'),
(504, 37, 'Devrekani'),
(505, 37, 'İnebolu'),
(506, 37, 'Kastamonu Merkez'),
(507, 37, 'Küre'),
(508, 37, 'Taşköprü'),
(509, 37, 'Tosya'),
(510, 37, 'İhsangazi'),
(511, 37, 'Pınarbaşı / Kastamonu'),
(512, 37, 'Şenpazar'),
(513, 37, 'Ağlı'),
(514, 37, 'Doğanyurt'),
(515, 37, 'Hanönü'),
(516, 37, 'Seydiler'),
(517, 38, 'Bünyan'),
(518, 38, 'Develi'),
(519, 38, 'Felahiye'),
(520, 38, 'İncesu'),
(521, 38, 'Pınarbaşı / Kayseri'),
(522, 38, 'Sarıoğlan'),
(523, 38, 'Sarız'),
(524, 38, 'Tomarza'),
(525, 38, 'Yahyalı'),
(526, 38, 'Yeşilhisar'),
(527, 38, 'Akkışla'),
(528, 38, 'Talas'),
(529, 38, 'Kocasinan'),
(530, 38, 'Melikgazi'),
(531, 38, 'Hacılar'),
(532, 38, 'Özvatan'),
(533, 39, 'Babaeski'),
(534, 39, 'Demirköy'),
(535, 39, 'Kırklareli Merkez'),
(536, 39, 'Kofçaz'),
(537, 39, 'Lüleburgaz'),
(538, 39, 'Pehlivanköy'),
(539, 39, 'Pınarhisar'),
(540, 39, 'Vize'),
(541, 40, 'Çiçekdağı'),
(542, 40, 'Kaman'),
(543, 40, 'Kırşehir Merkez'),
(544, 40, 'Mucur'),
(545, 40, 'Akpınar'),
(546, 40, 'Akçakent'),
(547, 40, 'Boztepe'),
(548, 41, 'Gebze'),
(549, 41, 'Gölcük'),
(550, 41, 'Kandıra'),
(551, 41, 'Karamürsel'),
(552, 41, 'Körfez'),
(553, 41, 'Derince'),
(554, 41, 'Başiskele'),
(555, 41, 'Çayırova'),
(556, 41, 'Darıca'),
(557, 41, 'Dilovası'),
(558, 41, 'İzmit'),
(559, 41, 'Kartepe'),
(560, 42, 'Akşehir'),
(561, 42, 'Beyşehir'),
(562, 42, 'Bozkır'),
(563, 42, 'Cihanbeyli'),
(564, 42, 'Çumra'),
(565, 42, 'Doğanhisar'),
(566, 42, 'Ereğli / Konya'),
(567, 42, 'Hadim'),
(568, 42, 'Ilgın'),
(569, 42, 'Kadınhanı'),
(570, 42, 'Karapınar'),
(571, 42, 'Kulu'),
(572, 42, 'Sarayönü'),
(573, 42, 'Seydişehir'),
(574, 42, 'Yunak'),
(575, 42, 'Akören'),
(576, 42, 'Altınekin'),
(577, 42, 'Derebucak'),
(578, 42, 'Hüyük'),
(579, 42, 'Karatay'),
(580, 42, 'Meram'),
(581, 42, 'Selçuklu'),
(582, 42, 'Taşkent'),
(583, 42, 'Ahırlı'),
(584, 42, 'Çeltik'),
(585, 42, 'Derbent'),
(586, 42, 'Emirgazi'),
(587, 42, 'Güneysınır'),
(588, 42, 'Halkapınar'),
(589, 42, 'Tuzlukçu'),
(590, 42, 'Yalıhüyük'),
(591, 43, 'Altıntaş'),
(592, 43, 'Domaniç'),
(593, 43, 'Emet'),
(594, 43, 'Gediz'),
(595, 43, 'Kütahya Merkez'),
(596, 43, 'Simav'),
(597, 43, 'Tavşanlı'),
(598, 43, 'Aslanapa'),
(599, 43, 'Dumlupınar'),
(600, 43, 'Hisarcık'),
(601, 43, 'Şaphane'),
(602, 43, 'Çavdarhisar'),
(603, 43, 'Pazarlar'),
(604, 44, 'Akçadağ'),
(605, 44, 'Arapgir'),
(606, 44, 'Arguvan'),
(607, 44, 'Darende'),
(608, 44, 'Doğanşehir'),
(609, 44, 'Hekimhan'),
(610, 44, 'Pütürge'),
(611, 44, 'Yeşilyurt / Malatya'),
(612, 44, 'Battalgazi'),
(613, 44, 'Doğanyol'),
(614, 44, 'Kale / Malatya'),
(615, 44, 'Kuluncak'),
(616, 44, 'Yazıhan'),
(617, 45, 'Akhisar'),
(618, 45, 'Alaşehir'),
(619, 45, 'Demirci'),
(620, 45, 'Gördes'),
(621, 45, 'Kırkağaç'),
(622, 45, 'Kula'),
(623, 45, 'Salihli'),
(624, 45, 'Sarıgöl'),
(625, 45, 'Saruhanlı'),
(626, 45, 'Selendi'),
(627, 45, 'Soma'),
(628, 45, 'Turgutlu'),
(629, 45, 'Ahmetli'),
(630, 45, 'Gölmarmara'),
(631, 45, 'Köprübaşı / Manisa'),
(632, 45, 'Şehzadeler'),
(633, 45, 'Yunusemre'),
(634, 46, 'Afşin'),
(635, 46, 'Andırın'),
(636, 46, 'Elbistan'),
(637, 46, 'Göksun'),
(638, 46, 'Pazarcık'),
(639, 46, 'Türkoğlu'),
(640, 46, 'Çağlayancerit'),
(641, 46, 'Ekinözü'),
(642, 46, 'Nurhak'),
(643, 46, 'Dulkadiroğlu'),
(644, 46, 'Onikişubat'),
(645, 47, 'Derik'),
(646, 47, 'Kızıltepe'),
(647, 47, 'Mazıdağı'),
(648, 47, 'Midyat'),
(649, 47, 'Nusaybin'),
(650, 47, 'Ömerli'),
(651, 47, 'Savur'),
(652, 47, 'Dargeçit'),
(653, 47, 'Yeşilli'),
(654, 47, 'Artuklu'),
(655, 48, 'Bodrum'),
(656, 48, 'Datça'),
(657, 48, 'Fethiye'),
(658, 48, 'Köyceğiz'),
(659, 48, 'Marmaris'),
(660, 48, 'Milas'),
(661, 48, 'Ula'),
(662, 48, 'Yatağan'),
(663, 48, 'Dalaman'),
(664, 48, 'Ortaca'),
(665, 48, 'Kavaklıdere'),
(666, 48, 'Menteşe'),
(667, 48, 'Seydikemer'),
(668, 49, 'Bulanık'),
(669, 49, 'Malazgirt'),
(670, 49, 'Muş Merkez'),
(671, 49, 'Varto'),
(672, 49, 'Hasköy'),
(673, 49, 'Korkut'),
(674, 50, 'Avanos'),
(675, 50, 'Derinkuyu'),
(676, 50, 'Gülşehir'),
(677, 50, 'Hacıbektaş'),
(678, 50, 'Kozaklı'),
(679, 50, 'Nevşehir Merkez'),
(680, 50, 'Ürgüp'),
(681, 50, 'Acıgöl'),
(682, 51, 'Bor'),
(683, 51, 'Çamardı'),
(684, 51, 'Niğde Merkez'),
(685, 51, 'Ulukışla'),
(686, 51, 'Altunhisar'),
(687, 51, 'Çiftlik'),
(688, 52, 'Akkuş'),
(689, 52, 'Aybastı'),
(690, 52, 'Fatsa'),
(691, 52, 'Gölköy'),
(692, 52, 'Korgan'),
(693, 52, 'Kumru'),
(694, 52, 'Mesudiye'),
(695, 52, 'Perşembe'),
(696, 52, 'Ulubey / Ordu'),
(697, 52, 'Ünye'),
(698, 52, 'Gülyalı'),
(699, 52, 'Gürgentepe'),
(700, 52, 'Çamaş'),
(701, 52, 'Çatalpınar'),
(702, 52, 'Çaybaşı'),
(703, 52, 'İkizce'),
(704, 52, 'Kabadüz'),
(705, 52, 'Kabataş'),
(706, 52, 'Altınordu'),
(707, 53, 'Ardeşen'),
(708, 53, 'Çamlıhemşin'),
(709, 53, 'Çayeli'),
(710, 53, 'Fındıklı'),
(711, 53, 'İkizdere'),
(712, 53, 'Kalkandere'),
(713, 53, 'Pazar / Rize'),
(714, 53, 'Rize Merkez'),
(715, 53, 'Güneysu'),
(716, 53, 'Derepazarı'),
(717, 53, 'Hemşin'),
(718, 53, 'İyidere'),
(719, 54, 'Akyazı'),
(720, 54, 'Geyve'),
(721, 54, 'Hendek'),
(722, 54, 'Karasu'),
(723, 54, 'Kaynarca'),
(724, 54, 'Sapanca'),
(725, 54, 'Kocaali'),
(726, 54, 'Pamukova'),
(727, 54, 'Taraklı'),
(728, 54, 'Ferizli'),
(729, 54, 'Karapürçek'),
(730, 54, 'Söğütlü'),
(731, 54, 'Adapazarı'),
(732, 54, 'Arifiye'),
(733, 54, 'Erenler'),
(734, 54, 'Serdivan'),
(735, 55, 'Alaçam'),
(736, 55, 'Bafra'),
(737, 55, 'Çarşamba'),
(738, 55, 'Havza'),
(739, 55, 'Kavak'),
(740, 55, 'Ladik'),
(741, 55, 'Terme'),
(742, 55, 'Vezirköprü'),
(743, 55, 'Asarcık'),
(744, 55, '19 Mayıs'),
(745, 55, 'Salıpazarı'),
(746, 55, 'Tekkeköy'),
(747, 55, 'Ayvacık / Samsun'),
(748, 55, 'Yakakent'),
(749, 55, 'Atakum'),
(750, 55, 'Canik'),
(751, 55, 'İlkadım'),
(752, 56, 'Baykan'),
(753, 56, 'Eruh'),
(754, 56, 'Kurtalan'),
(755, 56, 'Pervari'),
(756, 56, 'Siirt Merkez'),
(757, 56, 'Şirvan'),
(758, 56, 'Tillo'),
(759, 57, 'Ayancık'),
(760, 57, 'Boyabat'),
(761, 57, 'Durağan'),
(762, 57, 'Erfelek'),
(763, 57, 'Gerze'),
(764, 57, 'Sinop Merkez'),
(765, 57, 'Türkeli'),
(766, 57, 'Dikmen'),
(767, 57, 'Saraydüzü'),
(768, 58, 'Divriği'),
(769, 58, 'Gemerek'),
(770, 58, 'Gürün'),
(771, 58, 'Hafik'),
(772, 58, 'İmranlı'),
(773, 58, 'Kangal'),
(774, 58, 'Koyulhisar'),
(775, 58, 'Sivas Merkez'),
(776, 58, 'Suşehri'),
(777, 58, 'Şarkışla'),
(778, 58, 'Yıldızeli'),
(779, 58, 'Zara'),
(780, 58, 'Akıncılar'),
(781, 58, 'Altınyayla / Sivas'),
(782, 58, 'Doğanşar'),
(783, 58, 'Gölova'),
(784, 58, 'Ulaş'),
(785, 59, 'Çerkezköy'),
(786, 59, 'Çorlu'),
(787, 59, 'Hayrabolu'),
(788, 59, 'Malkara'),
(789, 59, 'Muratlı'),
(790, 59, 'Saray / Tekirdağ'),
(791, 59, 'Şarköy'),
(792, 59, 'Marmaraereğlisi'),
(793, 59, 'Ergene'),
(794, 59, 'Süleymanpaşa'),
(795, 60, 'Almus'),
(796, 60, 'Artova'),
(797, 60, 'Erbaa'),
(798, 60, 'Niksar'),
(799, 60, 'Reşadiye'),
(800, 60, 'Tokat Merkez'),
(801, 60, 'Turhal'),
(802, 60, 'Zile'),
(803, 60, 'Pazar / Tokat'),
(804, 60, 'Yeşilyurt / Tokat'),
(805, 60, 'Başçiftlik'),
(806, 60, 'Sulusaray'),
(807, 61, 'Akçaabat'),
(808, 61, 'Araklı'),
(809, 61, 'Arsin'),
(810, 61, 'Çaykara'),
(811, 61, 'Maçka'),
(812, 61, 'Of'),
(813, 61, 'Sürmene'),
(814, 61, 'Tonya'),
(815, 61, 'Vakfıkebir'),
(816, 61, 'Yomra'),
(817, 61, 'Beşikdüzü'),
(818, 61, 'Şalpazarı'),
(819, 61, 'Çarşıbaşı'),
(820, 61, 'Dernekpazarı'),
(821, 61, 'Düzköy'),
(822, 61, 'Hayrat'),
(823, 61, 'Köprübaşı / Trabzon'),
(824, 61, 'Ortahisar'),
(825, 62, 'Çemişgezek'),
(826, 62, 'Hozat'),
(827, 62, 'Mazgirt'),
(828, 62, 'Nazımiye'),
(829, 62, 'Ovacık / Tunceli'),
(830, 62, 'Pertek'),
(831, 62, 'Pülümür'),
(832, 62, 'Tunceli Merkez'),
(833, 63, 'Akçakale'),
(834, 63, 'Birecik'),
(835, 63, 'Bozova'),
(836, 63, 'Ceylanpınar'),
(837, 63, 'Halfeti'),
(838, 63, 'Hilvan'),
(839, 63, 'Siverek'),
(840, 63, 'Suruç'),
(841, 63, 'Viranşehir'),
(842, 63, 'Harran'),
(843, 63, 'Eyyübiye'),
(844, 63, 'Haliliye'),
(845, 63, 'Karaköprü'),
(846, 64, 'Banaz'),
(847, 64, 'Eşme'),
(848, 64, 'Karahallı'),
(849, 64, 'Sivaslı'),
(850, 64, 'Ulubey / Uşak'),
(851, 64, 'Uşak Merkez'),
(852, 65, 'Başkale'),
(853, 65, 'Çatak'),
(854, 65, 'Erciş'),
(855, 65, 'Gevaş'),
(856, 65, 'Gürpınar'),
(857, 65, 'Muradiye'),
(858, 65, 'Özalp'),
(859, 65, 'Bahçesaray'),
(860, 65, 'Çaldıran'),
(861, 65, 'Edremit / Van'),
(862, 65, 'Saray / Van'),
(863, 65, 'İpekyolu'),
(864, 65, 'Tuşba'),
(865, 66, 'Akdağmadeni'),
(866, 66, 'Boğazlıyan'),
(867, 66, 'Çayıralan'),
(868, 66, 'Çekerek'),
(869, 66, 'Sarıkaya'),
(870, 66, 'Sorgun'),
(871, 66, 'Şefaatli'),
(872, 66, 'Yerköy'),
(873, 66, 'Yozgat Merkez'),
(874, 66, 'Aydıncık / Yozgat'),
(875, 66, 'Çandır'),
(876, 66, 'Kadışehri'),
(877, 66, 'Saraykent'),
(878, 66, 'Yenifakılı'),
(879, 67, 'Çaycuma'),
(880, 67, 'Devrek'),
(881, 67, 'Ereğli / Zonguldak'),
(882, 67, 'Zonguldak Merkez'),
(883, 67, 'Alaplı'),
(884, 67, 'Gökçebey'),
(885, 68, 'Aksaray Merkez'),
(886, 68, 'Ortaköy / Aksaray'),
(887, 68, 'Ağaçören'),
(888, 68, 'Güzelyurt'),
(889, 68, 'Sarıyahşi'),
(890, 68, 'Eskil'),
(891, 68, 'Gülağaç'),
(892, 69, 'Bayburt Merkez'),
(893, 69, 'Aydıntepe'),
(894, 69, 'Demirözü'),
(895, 70, 'Ermenek'),
(896, 70, 'Karaman Merkez'),
(897, 70, 'Ayrancı'),
(898, 70, 'Kazımkarabekir'),
(899, 70, 'Başyayla'),
(900, 70, 'Sarıveliler'),
(901, 71, 'Delice'),
(902, 71, 'Keskin'),
(903, 71, 'Kırıkkale Merkez'),
(904, 71, 'Sulakyurt'),
(905, 71, 'Bahşili'),
(906, 71, 'Balışeyh'),
(907, 71, 'Çelebi'),
(908, 71, 'Karakeçili'),
(909, 71, 'Yahşihan'),
(910, 72, 'Batman Merkez'),
(911, 72, 'Beşiri'),
(912, 72, 'Gercüş'),
(913, 72, 'Kozluk'),
(914, 72, 'Sason'),
(915, 72, 'Hasankeyf'),
(916, 73, 'Beytüşşebap'),
(917, 73, 'Cizre'),
(918, 73, 'İdil'),
(919, 73, 'Silopi'),
(920, 73, 'Şırnak Merkez'),
(921, 73, 'Uludere'),
(922, 73, 'Güçlükonak'),
(923, 74, 'Bartın Merkez'),
(924, 74, 'Kurucaşile'),
(925, 74, 'Ulus'),
(926, 74, 'Amasra'),
(927, 75, 'Ardahan Merkez'),
(928, 75, 'Çıldır'),
(929, 75, 'Göle'),
(930, 75, 'Hanak'),
(931, 75, 'Posof'),
(932, 75, 'Damal'),
(933, 76, 'Aralık'),
(934, 76, 'Iğdır Merkez'),
(935, 76, 'Tuzluca'),
(936, 76, 'Karakoyunlu'),
(937, 77, 'Yalova Merkez'),
(938, 77, 'Altınova'),
(939, 77, 'Armutlu'),
(940, 77, 'Çınarcık'),
(941, 77, 'Çiftlikköy'),
(942, 77, 'Termal'),
(943, 78, 'Eflani'),
(944, 78, 'Eskipazar'),
(945, 78, 'Karabük Merkez'),
(946, 78, 'Ovacık / Karabük'),
(947, 78, 'Safranbolu'),
(948, 78, 'Yenice / Karabük'),
(949, 79, 'Kilis Merkez'),
(950, 79, 'Elbeyli'),
(951, 79, 'Musabeyli'),
(952, 79, 'Polateli'),
(953, 80, 'Bahçe'),
(954, 80, 'Kadirli'),
(955, 80, 'Osmaniye Merkez'),
(956, 80, 'Düziçi'),
(957, 80, 'Hasanbeyli'),
(958, 80, 'Sumbas'),
(959, 80, 'Toprakkale'),
(960, 81, 'Akçakoca'),
(961, 81, 'Düzce Merkez'),
(962, 81, 'Yığılca'),
(963, 81, 'Cumayeri'),
(964, 81, 'Gölyaka'),
(965, 81, 'Çilimli'),
(966, 81, 'Gümüşova'),
(967, 81, 'Kaynaşlı');

-- --------------------------------------------------------

--
-- Tablo için tablo yapısı `iletisim`
--

CREATE TABLE `iletisim` (
  `id` int(11) NOT NULL,
  `isim` varchar(255) COLLATE utf8_turkish_ci NOT NULL,
  `email` varchar(255) COLLATE utf8_turkish_ci NOT NULL,
  `konu` varchar(255) COLLATE utf8_turkish_ci NOT NULL,
  `mesaj` text COLLATE utf8_turkish_ci NOT NULL,
  `tarih` varchar(255) COLLATE utf8_turkish_ci NOT NULL,
  `ip` varchar(255) COLLATE utf8_turkish_ci NOT NULL
) ENGINE=InnoDB DEFAULT CHARSET=utf8 COLLATE=utf8_turkish_ci;

--
-- Tablo döküm verisi `iletisim`
--

INSERT INTO `iletisim` (`id`, `isim`, `email`, `konu`, `mesaj`, `tarih`, `ip`) VALUES
(1, 'Osman FATSA', 'osman_trs1967@hotmail.com', 'Genel Sorular', 'mesaj burada', '09 Şubat 2016, 13:55', '::1');

-- --------------------------------------------------------

--
-- Tablo için tablo yapısı `iller`
--

CREATE TABLE `iller` (
  `id` int(11) NOT NULL,
  `baslik` varchar(255) COLLATE utf8_unicode_ci NOT NULL
) ENGINE=InnoDB DEFAULT CHARSET=utf8 COLLATE=utf8_unicode_ci;

--
-- Tablo döküm verisi `iller`
--

INSERT INTO `iller` (`id`, `baslik`) VALUES
(1, 'Adana'),
(2, 'Adıyaman'),
(3, 'Afyonkarahisar'),
(4, 'Ağrı'),
(5, 'Amasya'),
(6, 'Ankara'),
(7, 'Antalya'),
(8, 'Artvin'),
(9, 'Aydın'),
(10, 'Balıkesir'),
(11, 'Bilecik'),
(12, 'Bingöl'),
(13, 'Bitlis'),
(14, 'Bolu'),
(15, 'Burdur'),
(16, 'Bursa'),
(17, 'Çanakkale'),
(18, 'Çankırı'),
(19, 'Çorum'),
(20, 'Denizli'),
(21, 'Diyarbakır'),
(22, 'Edirne'),
(23, 'Elazığ'),
(24, 'Erzincan'),
(25, 'Erzurum'),
(26, 'Eskişehir'),
(27, 'Gaziantep'),
(28, 'Giresun'),
(29, 'Gümüşhane'),
(30, 'Hakkari'),
(31, 'Hatay'),
(32, 'Isparta'),
(33, 'Mersin'),
(34, 'İstanbul'),
(35, 'İzmir'),
(36, 'Kars'),
(37, 'Kastamonu'),
(38, 'Kayseri'),
(39, 'Kırklareli'),
(40, 'Kırşehir'),
(41, 'Kocaeli'),
(42, 'Konya'),
(43, 'Kütahya'),
(44, 'Malatya'),
(45, 'Manisa'),
(46, 'Kahramanmaraş'),
(47, 'Mardin'),
(48, 'Muğla'),
(49, 'Muş'),
(50, 'Nevşehir'),
(51, 'Niğde'),
(52, 'Ordu'),
(53, 'Rize'),
(54, 'Sakarya'),
(55, 'Samsun'),
(56, 'Siirt'),
(57, 'Sinop'),
(58, 'Sivas'),
(59, 'Tekirdağ'),
(60, 'Tokat'),
(61, 'Trabzon'),
(62, 'Tunceli'),
(63, 'Şanlıurfa'),
(64, 'Uşak'),
(65, 'Van'),
(66, 'Yozgat'),
(67, 'Zonguldak'),
(68, 'Aksaray'),
(69, 'Bayburt'),
(70, 'Karaman'),
(71, 'Kırıkkale'),
(72, 'Batman'),
(73, 'Şırnak'),
(74, 'Bartın'),
(75, 'Ardahan'),
(76, 'Iğdır'),
(77, 'Yalova'),
(78, 'Karabük'),
(79, 'Kilis'),
(80, 'Osmaniye'),
(81, 'Düzce');

-- --------------------------------------------------------

--
-- Tablo için tablo yapısı `mail`
--

CREATE TABLE `mail` (
  `id` int(11) NOT NULL,
  `bilgiler` text COLLATE utf8_turkish_ci NOT NULL
) ENGINE=MyISAM DEFAULT CHARSET=utf8 COLLATE=utf8_turkish_ci;

--
-- Tablo döküm verisi `mail`
--

INSERT INTO `mail` (`id`, `bilgiler`) VALUES
(1, '{\"mail_host\":\"mail.siteadi.com\",\"mail_username\":\"eticaretv3@siteadi.com\",\"mail_parola\":\"sifre\"}');

-- --------------------------------------------------------

--
-- Tablo için tablo yapısı `numaralar`
--

CREATE TABLE `numaralar` (
  `id` int(11) NOT NULL,
  `adi` varchar(255) COLLATE utf8_turkish_ci NOT NULL,
  `durum` int(11) NOT NULL
) ENGINE=InnoDB DEFAULT CHARSET=utf8 COLLATE=utf8_turkish_ci;

--
-- Tablo döküm verisi `numaralar`
--

INSERT INTO `numaralar` (`id`, `adi`, `durum`) VALUES
(1, '36', 1),
(2, '37', 1),
(3, '38', 1),
(4, '39', 1),
(5, '40', 1),
(6, '41', 1),
(7, '42', 1),
(8, '43', 1),
(9, '44', 1);

-- --------------------------------------------------------

--
-- Tablo için tablo yapısı `poslar`
--

CREATE TABLE `poslar` (
  `id` int(11) NOT NULL,
  `yontem` tinyint(4) NOT NULL,
  `secenek` text NOT NULL
) ENGINE=MyISAM DEFAULT CHARSET=latin1;

--
-- Tablo döküm verisi `poslar`
--

INSERT INTO `poslar` (`id`, `yontem`, `secenek`) VALUES
(1, 1, '{\"merchant_id\":\"105118\",\"merchant_key\":\"zuuiXHLXHgQjYZi7\",\"merchant_salt\":\"s2LW65RQDHJcofN\",\"success\":\"http://siteadi.com/sepet-sonuc.html?durum=basarili\",\"fail\":\"http://siteadi.com/sepet-sonuc.html?durum=basarisiz\"}'),
(2, 2, '{\"p_tc\":\"info@web-ofisi.com\",\"success\":\"http://demobul.net/eticaretv3/sepet-sonuc.html\",\"fail\":\"http://demobul.net/eticaretv3/sepet-sonuc.html\"}');

-- --------------------------------------------------------

--
-- Tablo için tablo yapısı `reklam`
--

CREATE TABLE `reklam` (
  `id` int(11) NOT NULL,
  `adi` varchar(255) CHARACTER SET utf8 COLLATE utf8_turkish_ci NOT NULL,
  `url` varchar(255) CHARACTER SET utf8 COLLATE utf8_turkish_ci NOT NULL,
  `resim` varchar(255) CHARACTER SET utf8 COLLATE utf8_turkish_ci NOT NULL,
  `durum` int(3) NOT NULL,
  `tarih` varchar(255) CHARACTER SET utf8 COLLATE utf8_turkish_ci NOT NULL
) ENGINE=MyISAM DEFAULT CHARSET=latin1;

--
-- Tablo döküm verisi `reklam`
--

INSERT INTO `reklam` (`id`, `adi`, `url`, `resim`, `durum`, `tarih`) VALUES
(64, 'Eticaret V3 Yayında', '#', 'reklam.jpg', 1, '05-01-2016'),
(65, 'Eticaret V3 Yayında Reklam 2', '#', 'reklam2.jpg', 1, '05-01-2016');

-- --------------------------------------------------------

--
-- Tablo için tablo yapısı `sayfalar`
--

CREATE TABLE `sayfalar` (
  `id` int(11) NOT NULL,
  `adi` text COLLATE utf8_turkish_ci NOT NULL,
  `aciklama` longtext COLLATE utf8_turkish_ci NOT NULL,
  `resim` text COLLATE utf8_turkish_ci NOT NULL,
  `seo` varchar(255) COLLATE utf8_turkish_ci NOT NULL,
  `durum` int(3) NOT NULL
) ENGINE=MyISAM DEFAULT CHARSET=utf8 COLLATE=utf8_turkish_ci;

--
-- Tablo döküm verisi `sayfalar`
--

INSERT INTO `sayfalar` (`id`, `adi`, `aciklama`, `resim`, `seo`, `durum`) VALUES
(27, 'Hakkımızda', '<p>İnternetten alışverişin g&uuml;venilir ismi Eticaret V3, 2001 yılından bu yana 11 milyondan fazla kişiyi bir araya getiren T&uuml;rkiye&#39;nin &ouml;nde gelen pazar yerlerindendir. Eticaret V3&#39;te aklınıza gelebilecek her şeyi kolaylıkla bulabilir, bireysel satıcılardan alışveriş yapabilir, kendiniz satış yapabilir veya online mağaza a&ccedil;arak işinizi b&uuml;y&uuml;tebilirsiniz.<br />\r\n<br />\r\nKurumsal firmaysanız, Eticaret V3&#39;te resmi mağazanızı a&ccedil;abilir, satışlarınızı buradan y&ouml;netebilirsiniz. Cep telefonu ve tablet uygulamalarımızla ise alışverişe istediğiniz yerden devam edebilirsiniz.</p>\r\n', '', 'Hakkimizda', 1),
(28, 'İş Ortağı', '<p><strong>E-Ticaret V3&#39;un tedarik&ccedil;isi olmak ister misiniz?&nbsp;</strong><br />\r\n<br />\r\nM&uuml;şterilerimizin ihtiya&ccedil;larını karşılayacak &uuml;r&uuml;nleri temin etmek i&ccedil;in b&uuml;y&uuml;k bir tedarik&ccedil;i ağıyla iş ortaklığı yapıyoruz. S&uuml;rekli olarak &uuml;r&uuml;n &ccedil;eşitliliğimizi arttırmak i&ccedil;in, işbirliği yapacağımız yeni tedarik&ccedil;iler ve &uuml;reticilerle birlikte &ccedil;alışma imkanı oluşturmaya &ccedil;alışıyoruz. Bu y&uuml;zden tedarik&ccedil;imiz olmak isteyen firmalar i&ccedil;in bu s&uuml;reci anlaşılabilir, hızlı ve olabildiğince basit yaptık.&nbsp;<br />\r\n<br />\r\nBu sayfada bir iş sahibinin hepsiburada.com tedarik&ccedil;isi olmak i&ccedil;in atması gereken adımları paylaşıyoruz.&nbsp;<br />\r\n<br />\r\n<strong>Tedarik&ccedil;i adayı olmak i&ccedil;in ne yapılması gerekli?</strong>&nbsp;<br />\r\n<br />\r\nHepsiburada ile ticari iş ortaklığı kurmak isteyen tedarik&ccedil;ilerin online başvuru formunu eksiksiz olarak doldurulması gerekmektedir.&nbsp;<br />\r\n<br />\r\nBaşvuru formunuz doğru ve eksiksiz doldurulmuş ise, formunuzdaki bilgiler &uuml;r&uuml;nlerinizi değerlendirecek olan ilgili kategori y&ouml;neticisine y&ouml;nlendirilecek, ve size ya satınalma s&uuml;recinin ilerleyen adımlarını bildiren ya da &uuml;r&uuml;n teklifinizin red edildiğini bildiren bir e-mail g&ouml;nderilecektir.&nbsp;<br />\r\n<br />\r\nEğer başvurunuz formunuz eksik ise, gerekli bilgilerin talep edildiği ve yeniden başvuru formunu g&ouml;ndermenizi bildiren bir e-mail g&ouml;nderilecektir.&nbsp;</p>\r\n', '', 'Is-Ortagi', 1);

-- --------------------------------------------------------

--
-- Tablo için tablo yapısı `secenek`
--

CREATE TABLE `secenek` (
  `id` int(11) NOT NULL,
  `kategori` int(11) NOT NULL,
  `adi` varchar(255) COLLATE utf8_turkish_ci NOT NULL,
  `seo` varchar(255) COLLATE utf8_turkish_ci NOT NULL,
  `durum` int(11) NOT NULL
) ENGINE=InnoDB DEFAULT CHARSET=utf8 COLLATE=utf8_turkish_ci;

--
-- Tablo döküm verisi `secenek`
--

INSERT INTO `secenek` (`id`, `kategori`, `adi`, `seo`, `durum`) VALUES
(50, 47, 'Siyah', 'Siyah', 1),
(51, 47, 'Beyaz', 'Beyaz', 1),
(52, 47, 'Mavi', 'Mavi', 1),
(53, 47, 'Yeşil', 'Yesil', 1),
(54, 47, 'Sarı', 'Sari', 1),
(55, 48, '36', '36', 1),
(56, 48, '37', '37', 1),
(57, 48, '38', '38', 1),
(58, 48, '39', '39', 1),
(59, 48, '40', '40', 1),
(60, 48, '41', '41', 1),
(61, 48, '42', '42', 1),
(62, 48, '43', '43', 1),
(63, 48, '44', '44', 1),
(64, 48, '45', '45', 1),
(65, 49, 'S', 'S', 1),
(66, 49, 'M', 'M', 1),
(67, 49, 'L', 'L', 1),
(68, 49, 'XL', 'XL', 1),
(69, 47, 'Gold', 'Gold', 1);

-- --------------------------------------------------------

--
-- Tablo için tablo yapısı `secenek_kategori`
--

CREATE TABLE `secenek_kategori` (
  `id` int(11) NOT NULL,
  `kategori_adi` varchar(255) COLLATE utf8_turkish_ci NOT NULL,
  `seo` varchar(255) COLLATE utf8_turkish_ci NOT NULL,
  `durum` int(11) NOT NULL
) ENGINE=InnoDB DEFAULT CHARSET=utf8 COLLATE=utf8_turkish_ci;

--
-- Tablo döküm verisi `secenek_kategori`
--

INSERT INTO `secenek_kategori` (`id`, `kategori_adi`, `seo`, `durum`) VALUES
(47, 'Renk', 'Renk', 1),
(48, 'Ayakkabı Numarası', 'Ayakkabi-Numarasi', 1),
(49, 'Beden', 'Beden', 1);

-- --------------------------------------------------------

--
-- Tablo için tablo yapısı `siparisler`
--

CREATE TABLE `siparisler` (
  `id` int(11) NOT NULL,
  `urun` text COLLATE utf8_turkish_ci NOT NULL,
  `uyeid` int(11) NOT NULL,
  `odeme_sekli` varchar(255) COLLATE utf8_turkish_ci NOT NULL,
  `durum` int(11) NOT NULL,
  `secenek` varchar(255) COLLATE utf8_turkish_ci NOT NULL,
  `adres` int(11) NOT NULL,
  `fiyat` varchar(255) COLLATE utf8_turkish_ci NOT NULL,
  `sno` varchar(255) COLLATE utf8_turkish_ci NOT NULL,
  `ip` varchar(255) COLLATE utf8_turkish_ci NOT NULL,
  `tarih` varchar(255) COLLATE utf8_turkish_ci NOT NULL
) ENGINE=InnoDB DEFAULT CHARSET=utf8 COLLATE=utf8_turkish_ci;

--
-- Tablo döküm verisi `siparisler`
--

INSERT INTO `siparisler` (`id`, `urun`, `uyeid`, `odeme_sekli`, `durum`, `secenek`, `adres`, `fiyat`, `sno`, `ip`, `tarih`) VALUES
(37, '34|1//25|1//', 9, 'Banka Havalesi', 1, '{\"34\":{\"id\":\"50\"},\"25\":{\"id\":null}}', 6, '4.644,22', '2', '::1', '18 Şubat 2016, 16:41');

-- --------------------------------------------------------

--
-- Tablo için tablo yapısı `site_ayar`
--

CREATE TABLE `site_ayar` (
  `id` int(11) NOT NULL,
  `site_title` text COLLATE utf8_turkish_ci NOT NULL,
  `site_meta` text COLLATE utf8_turkish_ci NOT NULL,
  `site_desc` text COLLATE utf8_turkish_ci NOT NULL,
  `firma_logo` varchar(255) COLLATE utf8_turkish_ci NOT NULL,
  `firma_adi` varchar(255) COLLATE utf8_turkish_ci NOT NULL,
  `renk` varchar(255) COLLATE utf8_turkish_ci NOT NULL,
  `firma_tel` varchar(50) COLLATE utf8_turkish_ci NOT NULL,
  `firma_fax` varchar(50) COLLATE utf8_turkish_ci NOT NULL,
  `firma_email` varchar(255) COLLATE utf8_turkish_ci NOT NULL,
  `firma_adres` text COLLATE utf8_turkish_ci NOT NULL,
  `google_maps` text COLLATE utf8_turkish_ci NOT NULL,
  `google_analytics` text COLLATE utf8_turkish_ci NOT NULL,
  `facebook` varchar(255) COLLATE utf8_turkish_ci NOT NULL,
  `twitter` varchar(255) COLLATE utf8_turkish_ci NOT NULL,
  `gplus` varchar(255) COLLATE utf8_turkish_ci NOT NULL,
  `instagram` varchar(255) COLLATE utf8_turkish_ci NOT NULL,
  `pinterest` varchar(255) COLLATE utf8_turkish_ci NOT NULL,
  `copyright` text COLLATE utf8_turkish_ci NOT NULL,
  `ksozlesme` text COLLATE utf8_turkish_ci NOT NULL,
  `kdv` varchar(350) COLLATE utf8_turkish_ci NOT NULL,
  `paytr` int(3) NOT NULL,
  `kargo` varchar(350) COLLATE utf8_turkish_ci NOT NULL
) ENGINE=InnoDB DEFAULT CHARSET=utf8 COLLATE=utf8_turkish_ci;

--
-- Tablo döküm verisi `site_ayar`
--

INSERT INTO `site_ayar` (`id`, `site_title`, `site_meta`, `site_desc`, `firma_logo`, `firma_adi`, `renk`, `firma_tel`, `firma_fax`, `firma_email`, `firma_adres`, `google_maps`, `google_analytics`, `facebook`, `twitter`, `gplus`, `instagram`, `pinterest`, `copyright`, `ksozlesme`, `kdv`, `paytr`, `kargo`) VALUES
(1, 'E-Ticaret V3', 'E-Ticaret V3', 'E-Ticaret V3', 'Untitled_1.png', 'E-Ticaret V3', '', '0000 000 00 00', '0000 000 00 00', 'info@deneme.com', 'Home Ofis Çalışma Sistemi', '<iframe width=\"100%\" height=\"360\" frameborder=\"0\" scrolling=\"no\" marginheight=\"0\" marginwidth=\"0\" src=\"https://www.google.com/maps?f=q&source=s_q&hl=tr&geocode=&q=Samsun,+T%C3%BCrkiye&aq=0&oq=samsun&sll=37.0625,-95.677068&sspn=42.901912,86.572266&ie=UTF8&hq=&hnear=Samsun,+T%C3%BCrkiye&t=m&z=12&ll=41.292782,36.33128&output=embed\"></iframe>', '', 'https://www.facebook.com/', 'https://twitter.com/?lang=tr', 'https://plus.google.com/', 'https://www.instagram.com/', 'https://tr.pinterest.com/', 'Copyright 2016 © E-Ticaret V3', '<div style=\"-webkit-tap-highlight-color: rgba(0, 0, 0, 0); margin: 0px; padding: 0px; border: 0px; outline: 0px; vertical-align: baseline; background-image: initial; background-attachment: initial; background-size: initial; background-origin: initial; background-clip: initial; background-position: initial; background-repeat: initial;\"><b>SİTE KULLANIM ŞARTLARI</b></div><div style=\"-webkit-tap-highlight-color: rgba(0, 0, 0, 0); margin: 0px; padding: 0px; border: 0px; outline: 0px; vertical-align: baseline; background-image: initial; background-attachment: initial; background-size: initial; background-origin: initial; background-clip: initial; background-position: initial; background-repeat: initial;\">Lütfen sitemizi kullanmadan evvel bu ‘site kullanım şartları’nı dikkatlice okuyunuz. </div><div style=\"-webkit-tap-highlight-color: rgba(0, 0, 0, 0); margin: 0px; padding: 0px; border: 0px; outline: 0px; vertical-align: baseline; background-image: initial; background-attachment: initial; background-size: initial; background-origin: initial; background-clip: initial; background-position: initial; background-repeat: initial;\">Bu alışveriş sitesini kullanan ve alışveriş yapan müşterilerimiz aşağıdaki şartları kabul etmiş varsayılmaktadır:</div><div style=\"-webkit-tap-highlight-color: rgba(0, 0, 0, 0); margin: 0px; padding: 0px; border: 0px; outline: 0px; vertical-align: baseline; background-image: initial; background-attachment: initial; background-size: initial; background-origin: initial; background-clip: initial; background-position: initial; background-repeat: initial;\">Sitemizdeki web sayfaları ve ona bağlı tüm sayfalar (‘site’) ……………………… adresindeki ……………………………….firmasının (Firma) malıdır ve onun tarafından işletilir. Sizler (‘Kullanıcı’) sitede sunulan tüm hizmetleri kullanırken aşağıdaki şartlara tabi olduğunuzu, sitedeki hizmetten yararlanmakla ve kullanmaya devam etmekle; Bağlı olduğunuz yasalara göre sözleşme imzalama hakkına, yetkisine ve hukuki ehliyetine sahip ve 18 yaşın üzerinde olduğunuzu, bu sözleşmeyi okuduğunuzu, anladığınızı ve sözleşmede yazan şartlarla bağlı olduğunuzu kabul etmiş sayılırsınız. </div><div style=\"-webkit-tap-highlight-color: rgba(0, 0, 0, 0); margin: 0px; padding: 0px; border: 0px; outline: 0px; vertical-align: baseline; background-image: initial; background-attachment: initial; background-size: initial; background-origin: initial; background-clip: initial; background-position: initial; background-repeat: initial;\"><br style=\"-webkit-tap-highlight-color: rgba(0, 0, 0, 0);\"></div><div style=\"-webkit-tap-highlight-color: rgba(0, 0, 0, 0); margin: 0px; padding: 0px; border: 0px; outline: 0px; vertical-align: baseline; background-image: initial; background-attachment: initial; background-size: initial; background-origin: initial; background-clip: initial; background-position: initial; background-repeat: initial;\">İşbu sözleşme taraflara sözleşme konusu site ile ilgili hak ve yükümlülükler yükler ve taraflar işbu sözleşmeyi kabul ettiklerinde bahsi geçen hak ve yükümlülükleri eksiksiz, doğru, zamanında, işbu sözleşmede talep edilen şartlar dâhilinde yerine getireceklerini beyan ederler.</div><div style=\"-webkit-tap-highlight-color: rgba(0, 0, 0, 0); margin: 0px; padding: 0px; border: 0px; outline: 0px; vertical-align: baseline; background-image: initial; background-attachment: initial; background-size: initial; background-origin: initial; background-clip: initial; background-position: initial; background-repeat: initial;\"><br style=\"-webkit-tap-highlight-color: rgba(0, 0, 0, 0);\"></div><div style=\"-webkit-tap-highlight-color: rgba(0, 0, 0, 0); margin: 0px; padding: 0px; border: 0px; outline: 0px; vertical-align: baseline; background-image: initial; background-attachment: initial; background-size: initial; background-origin: initial; background-clip: initial; background-position: initial; background-repeat: initial;\"><b>1. SORUMLULUKLAR</b></div><div style=\"-webkit-tap-highlight-color: rgba(0, 0, 0, 0); margin: 0px; padding: 0px; border: 0px; outline: 0px; vertical-align: baseline; background-image: initial; background-attachment: initial; background-size: initial; background-origin: initial; background-clip: initial; background-position: initial; background-repeat: initial;\">a.<span class=\"Apple-tab-span\" style=\"-webkit-tap-highlight-color: rgba(0, 0, 0, 0); margin: 0px; padding: 0px; border: 0px; outline: 0px; vertical-align: baseline; white-space: pre; background-image: initial; background-attachment: initial; background-size: initial; background-origin: initial; background-clip: initial; background-position: initial; background-repeat: initial;\"></span>Firma, fiyatlar ve sunulan ürün ve hizmetler üzerinde değişiklik yapma hakkını her zaman saklı tutar. </div><div style=\"-webkit-tap-highlight-color: rgba(0, 0, 0, 0); margin: 0px; padding: 0px; border: 0px; outline: 0px; vertical-align: baseline; background-image: initial; background-attachment: initial; background-size: initial; background-origin: initial; background-clip: initial; background-position: initial; background-repeat: initial;\">b.<span class=\"Apple-tab-span\" style=\"-webkit-tap-highlight-color: rgba(0, 0, 0, 0); margin: 0px; padding: 0px; border: 0px; outline: 0px; vertical-align: baseline; white-space: pre; background-image: initial; background-attachment: initial; background-size: initial; background-origin: initial; background-clip: initial; background-position: initial; background-repeat: initial;\"></span>Firma, üyenin sözleşme konusu hizmetlerden, teknik arızalar dışında yararlandırılacağını kabul ve taahhüt eder.</div><div style=\"-webkit-tap-highlight-color: rgba(0, 0, 0, 0); margin: 0px; padding: 0px; border: 0px; outline: 0px; vertical-align: baseline; background-image: initial; background-attachment: initial; background-size: initial; background-origin: initial; background-clip: initial; background-position: initial; background-repeat: initial;\">c.<span class=\"Apple-tab-span\" style=\"-webkit-tap-highlight-color: rgba(0, 0, 0, 0); margin: 0px; padding: 0px; border: 0px; outline: 0px; vertical-align: baseline; white-space: pre; background-image: initial; background-attachment: initial; background-size: initial; background-origin: initial; background-clip: initial; background-position: initial; background-repeat: initial;\"></span>Kullanıcı, sitenin kullanımında tersine mühendislik yapmayacağını ya da bunların kaynak kodunu bulmak veya elde etmek amacına yönelik herhangi bir başka işlemde bulunmayacağını aksi halde ve 3. Kişiler nezdinde doğacak zararlardan sorumlu olacağını, hakkında hukuki ve cezai işlem yapılacağını peşinen kabul eder. </div><div style=\"-webkit-tap-highlight-color: rgba(0, 0, 0, 0); margin: 0px; padding: 0px; border: 0px; outline: 0px; vertical-align: baseline; background-image: initial; background-attachment: initial; background-size: initial; background-origin: initial; background-clip: initial; background-position: initial; background-repeat: initial;\">d.<span class=\"Apple-tab-span\" style=\"-webkit-tap-highlight-color: rgba(0, 0, 0, 0); margin: 0px; padding: 0px; border: 0px; outline: 0px; vertical-align: baseline; white-space: pre; background-image: initial; background-attachment: initial; background-size: initial; background-origin: initial; background-clip: initial; background-position: initial; background-repeat: initial;\"></span>Kullanıcı, site içindeki faaliyetlerinde, sitenin herhangi bir bölümünde veya iletişimlerinde genel ahlaka ve adaba aykırı, kanuna aykırı, 3. Kişilerin haklarını zedeleyen, yanıltıcı, saldırgan, müstehcen, pornografik, kişilik haklarını zedeleyen, telif haklarına aykırı, yasa dışı faaliyetleri teşvik eden içerikler üretmeyeceğini, paylaşmayacağını kabul eder. Aksi halde oluşacak zarardan tamamen kendisi sorumludur ve bu durumda ‘Site’ yetkilileri, bu tür hesapları askıya alabilir, sona erdirebilir, yasal süreç başlatma hakkını saklı tutar. Bu sebeple yargı mercilerinden etkinlik veya kullanıcı hesapları ile ilgili bilgi talepleri gelirse paylaşma hakkını saklı tutar.</div><div style=\"-webkit-tap-highlight-color: rgba(0, 0, 0, 0); margin: 0px; padding: 0px; border: 0px; outline: 0px; vertical-align: baseline; background-image: initial; background-attachment: initial; background-size: initial; background-origin: initial; background-clip: initial; background-position: initial; background-repeat: initial;\">e.<span class=\"Apple-tab-span\" style=\"-webkit-tap-highlight-color: rgba(0, 0, 0, 0); margin: 0px; padding: 0px; border: 0px; outline: 0px; vertical-align: baseline; white-space: pre; background-image: initial; background-attachment: initial; background-size: initial; background-origin: initial; background-clip: initial; background-position: initial; background-repeat: initial;\"></span>Sitenin üyelerinin birbirleri veya üçüncü şahıslarla olan ilişkileri kendi sorumluluğundadır. </div><div style=\"-webkit-tap-highlight-color: rgba(0, 0, 0, 0); margin: 0px; padding: 0px; border: 0px; outline: 0px; vertical-align: baseline; background-image: initial; background-attachment: initial; background-size: initial; background-origin: initial; background-clip: initial; background-position: initial; background-repeat: initial;\"><br style=\"-webkit-tap-highlight-color: rgba(0, 0, 0, 0);\"></div><div style=\"-webkit-tap-highlight-color: rgba(0, 0, 0, 0); margin: 0px; padding: 0px; border: 0px; outline: 0px; vertical-align: baseline; background-image: initial; background-attachment: initial; background-size: initial; background-origin: initial; background-clip: initial; background-position: initial; background-repeat: initial;\"><b>2.  Fikri Mülkiyet Hakları</b></div><div style=\"-webkit-tap-highlight-color: rgba(0, 0, 0, 0); margin: 0px; padding: 0px; border: 0px; outline: 0px; vertical-align: baseline; background-image: initial; background-attachment: initial; background-size: initial; background-origin: initial; background-clip: initial; background-position: initial; background-repeat: initial;\"><br style=\"-webkit-tap-highlight-color: rgba(0, 0, 0, 0);\"></div><div style=\"-webkit-tap-highlight-color: rgba(0, 0, 0, 0); margin: 0px; padding: 0px; border: 0px; outline: 0px; vertical-align: baseline; background-image: initial; background-attachment: initial; background-size: initial; background-origin: initial; background-clip: initial; background-position: initial; background-repeat: initial;\">2.1. İşbu Site’de yer alan ünvan, işletme adı, marka, patent, logo, tasarım, bilgi ve yöntem gibi tescilli veya tescilsiz tüm fikri mülkiyet hakları site işleteni ve sahibi firmaya veya belirtilen ilgilisine ait olup, ulusal ve uluslararası hukukun koruması altındadır. İşbu Site’nin ziyaret edilmesi veya bu Site’deki hizmetlerden yararlanılması söz konusu fikri mülkiyet hakları konusunda hiçbir hak vermez.</div><div style=\"-webkit-tap-highlight-color: rgba(0, 0, 0, 0); margin: 0px; padding: 0px; border: 0px; outline: 0px; vertical-align: baseline; background-image: initial; background-attachment: initial; background-size: initial; background-origin: initial; background-clip: initial; background-position: initial; background-repeat: initial;\">2.2. Site’de yer alan bilgiler hiçbir şekilde çoğaltılamaz, yayınlanamaz, kopyalanamaz, sunulamaz ve/veya aktarılamaz. Site’nin bütünü veya bir kısmı diğer bir internet sitesinde izinsiz olarak kullanılamaz. </div><div style=\"-webkit-tap-highlight-color: rgba(0, 0, 0, 0); margin: 0px; padding: 0px; border: 0px; outline: 0px; vertical-align: baseline; background-image: initial; background-attachment: initial; background-size: initial; background-origin: initial; background-clip: initial; background-position: initial; background-repeat: initial;\"><br style=\"-webkit-tap-highlight-color: rgba(0, 0, 0, 0);\"></div><div style=\"-webkit-tap-highlight-color: rgba(0, 0, 0, 0); margin: 0px; padding: 0px; border: 0px; outline: 0px; vertical-align: baseline; background-image: initial; background-attachment: initial; background-size: initial; background-origin: initial; background-clip: initial; background-position: initial; background-repeat: initial;\"><b>3. Gizli Bilgi</b></div><div style=\"-webkit-tap-highlight-color: rgba(0, 0, 0, 0); margin: 0px; padding: 0px; border: 0px; outline: 0px; vertical-align: baseline; background-image: initial; background-attachment: initial; background-size: initial; background-origin: initial; background-clip: initial; background-position: initial; background-repeat: initial;\">3.1. Firma, site üzerinden kullanıcıların ilettiği kişisel bilgileri 3. Kişilere açıklamayacaktır. Bu kişisel bilgiler; kişi adı-soyadı, adresi, telefon numarası, cep telefonu, e-posta adresi gibi Kullanıcı’yı tanımlamaya yönelik her türlü diğer bilgiyi içermekte olup, kısaca ‘Gizli Bilgiler’ olarak anılacaktır.</div><div style=\"-webkit-tap-highlight-color: rgba(0, 0, 0, 0); margin: 0px; padding: 0px; border: 0px; outline: 0px; vertical-align: baseline; background-image: initial; background-attachment: initial; background-size: initial; background-origin: initial; background-clip: initial; background-position: initial; background-repeat: initial;\"><br style=\"-webkit-tap-highlight-color: rgba(0, 0, 0, 0);\"></div><div style=\"-webkit-tap-highlight-color: rgba(0, 0, 0, 0); margin: 0px; padding: 0px; border: 0px; outline: 0px; vertical-align: baseline; background-image: initial; background-attachment: initial; background-size: initial; background-origin: initial; background-clip: initial; background-position: initial; background-repeat: initial;\">3.2. Kullanıcı, sadece tanıtım, reklam, kampanya, promosyon, duyuru vb. pazarlama faaliyetleri kapsamında kullanılması ile sınırlı olmak üzere, Site’nin sahibi olan firmanın kendisine ait iletişim, portföy durumu ve demografik bilgilerini iştirakleri ya da bağlı bulunduğu grup şirketleri ile paylaşmasına muvafakat ettiğini kabul ve beyan eder. Bu kişisel bilgiler firma bünyesinde müşteri profili belirlemek, müşteri profiline uygun promosyon ve kampanyalar sunmak ve istatistiksel çalışmalar yapmak amacıyla kullanılabilecektir.</div><div style=\"-webkit-tap-highlight-color: rgba(0, 0, 0, 0); margin: 0px; padding: 0px; border: 0px; outline: 0px; vertical-align: baseline; background-image: initial; background-attachment: initial; background-size: initial; background-origin: initial; background-clip: initial; background-position: initial; background-repeat: initial;\"><br style=\"-webkit-tap-highlight-color: rgba(0, 0, 0, 0);\"></div><div style=\"-webkit-tap-highlight-color: rgba(0, 0, 0, 0); margin: 0px; padding: 0px; border: 0px; outline: 0px; vertical-align: baseline; background-image: initial; background-attachment: initial; background-size: initial; background-origin: initial; background-clip: initial; background-position: initial; background-repeat: initial;\">3.3. Gizli Bilgiler, ancak resmi makamlarca usulü dairesinde bu bilgilerin talep edilmesi halinde ve yürürlükteki emredici mevzuat hükümleri gereğince resmi makamlara açıklama yapılmasının zorunlu olduğu durumlarda resmi makamlara açıklanabilecektir.</div><div style=\"-webkit-tap-highlight-color: rgba(0, 0, 0, 0); margin: 0px; padding: 0px; border: 0px; outline: 0px; vertical-align: baseline; background-image: initial; background-attachment: initial; background-size: initial; background-origin: initial; background-clip: initial; background-position: initial; background-repeat: initial;\"><br style=\"-webkit-tap-highlight-color: rgba(0, 0, 0, 0);\"></div><div style=\"-webkit-tap-highlight-color: rgba(0, 0, 0, 0); margin: 0px; padding: 0px; border: 0px; outline: 0px; vertical-align: baseline; background-image: initial; background-attachment: initial; background-size: initial; background-origin: initial; background-clip: initial; background-position: initial; background-repeat: initial;\"><b>4. Garanti Vermeme: İŞBU SÖZLEŞME MADDESİ UYGULANABİLİR KANUNUN İZİN VERDİĞİ AZAMİ ÖLÇÜDE GEÇERLİ OLACAKTIR. FİRMA TARAFINDAN SUNULAN HİZMETLER \"OLDUĞU GİBİ” VE \"MÜMKÜN OLDUĞU” TEMELDE SUNULMAKTA VE PAZARLANABİLİRLİK, BELİRLİ BİR AMACA UYGUNLUK VEYA İHLAL ETMEME KONUSUNDA TÜM ZIMNİ GARANTİLER DE DÂHİL OLMAK ÜZERE HİZMETLER VEYA UYGULAMA İLE İLGİLİ OLARAK (BUNLARDA YER ALAN TÜM BİLGİLER DÂHİL) SARİH VEYA ZIMNİ, KANUNİ VEYA BAŞKA BİR NİTELİKTE HİÇBİR GARANTİDE BULUNMAMAKTADIR. </b></div><div style=\"-webkit-tap-highlight-color: rgba(0, 0, 0, 0); margin: 0px; padding: 0px; border: 0px; outline: 0px; vertical-align: baseline; background-image: initial; background-attachment: initial; background-size: initial; background-origin: initial; background-clip: initial; background-position: initial; background-repeat: initial;\"><br style=\"-webkit-tap-highlight-color: rgba(0, 0, 0, 0);\"></div><div style=\"-webkit-tap-highlight-color: rgba(0, 0, 0, 0); margin: 0px; padding: 0px; border: 0px; outline: 0px; vertical-align: baseline; background-image: initial; background-attachment: initial; background-size: initial; background-origin: initial; background-clip: initial; background-position: initial; background-repeat: initial;\"><b>5. Kayıt ve Güvenlik</b> </div><div style=\"-webkit-tap-highlight-color: rgba(0, 0, 0, 0); margin: 0px; padding: 0px; border: 0px; outline: 0px; vertical-align: baseline; background-image: initial; background-attachment: initial; background-size: initial; background-origin: initial; background-clip: initial; background-position: initial; background-repeat: initial;\">Kullanıcı, doğru, eksiksiz ve güncel kayıt bilgilerini vermek zorundadır. Aksi halde bu Sözleşme ihlal edilmiş sayılacak ve Kullanıcı bilgilendirilmeksizin hesap kapatılabilecektir.</div><div style=\"-webkit-tap-highlight-color: rgba(0, 0, 0, 0); margin: 0px; padding: 0px; border: 0px; outline: 0px; vertical-align: baseline; background-image: initial; background-attachment: initial; background-size: initial; background-origin: initial; background-clip: initial; background-position: initial; background-repeat: initial;\">Kullanıcı, site ve üçüncü taraf sitelerdeki şifre ve hesap güvenliğinden kendisi sorumludur. Aksi halde oluşacak veri kayıplarından ve güvenlik ihlallerinden veya donanım ve cihazların zarar görmesinden Firma sorumlu tutulamaz.</div><div style=\"-webkit-tap-highlight-color: rgba(0, 0, 0, 0); margin: 0px; padding: 0px; border: 0px; outline: 0px; vertical-align: baseline; background-image: initial; background-attachment: initial; background-size: initial; background-origin: initial; background-clip: initial; background-position: initial; background-repeat: initial;\"><br style=\"-webkit-tap-highlight-color: rgba(0, 0, 0, 0);\"></div><div style=\"-webkit-tap-highlight-color: rgba(0, 0, 0, 0); margin: 0px; padding: 0px; border: 0px; outline: 0px; vertical-align: baseline; background-image: initial; background-attachment: initial; background-size: initial; background-origin: initial; background-clip: initial; background-position: initial; background-repeat: initial;\"><b>6. Mücbir Sebep</b></div><div style=\"-webkit-tap-highlight-color: rgba(0, 0, 0, 0); margin: 0px; padding: 0px; border: 0px; outline: 0px; vertical-align: baseline; background-image: initial; background-attachment: initial; background-size: initial; background-origin: initial; background-clip: initial; background-position: initial; background-repeat: initial;\"><br style=\"-webkit-tap-highlight-color: rgba(0, 0, 0, 0);\"></div><div style=\"-webkit-tap-highlight-color: rgba(0, 0, 0, 0); margin: 0px; padding: 0px; border: 0px; outline: 0px; vertical-align: baseline; background-image: initial; background-attachment: initial; background-size: initial; background-origin: initial; background-clip: initial; background-position: initial; background-repeat: initial;\">Tarafların kontrolünde olmayan; tabii afetler, yangın, patlamalar, iç savaşlar, savaşlar, ayaklanmalar, halk hareketleri, seferberlik ilanı, grev, lokavt ve salgın hastalıklar, altyapı ve internet arızaları, elektrik kesintisi gibi sebeplerden (aşağıda birlikte \"Mücbir Sebep” olarak anılacaktır.) dolayı sözleşmeden doğan yükümlülükler taraflarca ifa edilemez hale gelirse, taraflar bundan sorumlu değildir. Bu sürede Taraflar’ın işbu Sözleşme’den doğan hak ve yükümlülükleri askıya alınır. </div><div style=\"-webkit-tap-highlight-color: rgba(0, 0, 0, 0); margin: 0px; padding: 0px; border: 0px; outline: 0px; vertical-align: baseline; background-image: initial; background-attachment: initial; background-size: initial; background-origin: initial; background-clip: initial; background-position: initial; background-repeat: initial;\"><br style=\"-webkit-tap-highlight-color: rgba(0, 0, 0, 0);\"></div><div style=\"-webkit-tap-highlight-color: rgba(0, 0, 0, 0); margin: 0px; padding: 0px; border: 0px; outline: 0px; vertical-align: baseline; background-image: initial; background-attachment: initial; background-size: initial; background-origin: initial; background-clip: initial; background-position: initial; background-repeat: initial;\"><b>7. Sözleşmenin Bütünlüğü ve Uygulanabilirlik</b></div><div style=\"-webkit-tap-highlight-color: rgba(0, 0, 0, 0); margin: 0px; padding: 0px; border: 0px; outline: 0px; vertical-align: baseline; background-image: initial; background-attachment: initial; background-size: initial; background-origin: initial; background-clip: initial; background-position: initial; background-repeat: initial;\"><br style=\"-webkit-tap-highlight-color: rgba(0, 0, 0, 0);\"></div><div style=\"-webkit-tap-highlight-color: rgba(0, 0, 0, 0); margin: 0px; padding: 0px; border: 0px; outline: 0px; vertical-align: baseline; background-image: initial; background-attachment: initial; background-size: initial; background-origin: initial; background-clip: initial; background-position: initial; background-repeat: initial;\">İşbu sözleşme şartlarından biri, kısmen veya tamamen geçersiz hale gelirse, sözleşmenin geri kalanı geçerliliğini korumaya devam eder.</div><div style=\"-webkit-tap-highlight-color: rgba(0, 0, 0, 0); margin: 0px; padding: 0px; border: 0px; outline: 0px; vertical-align: baseline; background-image: initial; background-attachment: initial; background-size: initial; background-origin: initial; background-clip: initial; background-position: initial; background-repeat: initial;\"><br style=\"-webkit-tap-highlight-color: rgba(0, 0, 0, 0);\"></div><div style=\"-webkit-tap-highlight-color: rgba(0, 0, 0, 0); margin: 0px; padding: 0px; border: 0px; outline: 0px; vertical-align: baseline; background-image: initial; background-attachment: initial; background-size: initial; background-origin: initial; background-clip: initial; background-position: initial; background-repeat: initial;\"><b>8. Sözleşmede Yapılacak Değişiklikler</b></div><div style=\"-webkit-tap-highlight-color: rgba(0, 0, 0, 0); margin: 0px; padding: 0px; border: 0px; outline: 0px; vertical-align: baseline; background-image: initial; background-attachment: initial; background-size: initial; background-origin: initial; background-clip: initial; background-position: initial; background-repeat: initial;\"><br style=\"-webkit-tap-highlight-color: rgba(0, 0, 0, 0);\"></div><div style=\"-webkit-tap-highlight-color: rgba(0, 0, 0, 0); margin: 0px; padding: 0px; border: 0px; outline: 0px; vertical-align: baseline; background-image: initial; background-attachment: initial; background-size: initial; background-origin: initial; background-clip: initial; background-position: initial; background-repeat: initial;\">Firma, dilediği zaman sitede sunulan hizmetleri ve işbu sözleşme şartlarını kısmen veya tamamen değiştirebilir. Değişiklikler sitede yayınlandığı tarihten itibaren geçerli olacaktır. Değişiklikleri takip etmek Kullanıcı’nın sorumluluğundadır. Kullanıcı, sunulan hizmetlerden yararlanmaya devam etmekle bu değişiklikleri de kabul etmiş sayılır.</div><div style=\"-webkit-tap-highlight-color: rgba(0, 0, 0, 0); margin: 0px; padding: 0px; border: 0px; outline: 0px; vertical-align: baseline; background-image: initial; background-attachment: initial; background-size: initial; background-origin: initial; background-clip: initial; background-position: initial; background-repeat: initial;\"><br style=\"-webkit-tap-highlight-color: rgba(0, 0, 0, 0);\"></div><div style=\"-webkit-tap-highlight-color: rgba(0, 0, 0, 0); margin: 0px; padding: 0px; border: 0px; outline: 0px; vertical-align: baseline; background-image: initial; background-attachment: initial; background-size: initial; background-origin: initial; background-clip: initial; background-position: initial; background-repeat: initial;\"><b>9. Tebligat</b></div><div style=\"-webkit-tap-highlight-color: rgba(0, 0, 0, 0); margin: 0px; padding: 0px; border: 0px; outline: 0px; vertical-align: baseline; background-image: initial; background-attachment: initial; background-size: initial; background-origin: initial; background-clip: initial; background-position: initial; background-repeat: initial;\">İşbu Sözleşme ile ilgili taraflara gönderilecek olan tüm bildirimler, Firma’nın bilinen e.posta adresi ve kullanıcının üyelik formunda belirttiği e.posta adresi vasıtasıyla yapılacaktır. Kullanıcı, üye olurken belirttiği adresin geçerli tebligat adresi olduğunu, değişmesi durumunda 5 gün içinde yazılı olarak diğer tarafa bildireceğini, aksi halde bu adrese yapılacak tebligatların geçerli sayılacağını kabul eder.</div><div style=\"-webkit-tap-highlight-color: rgba(0, 0, 0, 0); margin: 0px; padding: 0px; border: 0px; outline: 0px; vertical-align: baseline; background-image: initial; background-attachment: initial; background-size: initial; background-origin: initial; background-clip: initial; background-position: initial; background-repeat: initial;\"><br style=\"-webkit-tap-highlight-color: rgba(0, 0, 0, 0);\"></div><div style=\"-webkit-tap-highlight-color: rgba(0, 0, 0, 0); margin: 0px; padding: 0px; border: 0px; outline: 0px; vertical-align: baseline; background-image: initial; background-attachment: initial; background-size: initial; background-origin: initial; background-clip: initial; background-position: initial; background-repeat: initial;\"><b>10. Delil Sözleşmesi</b></div><div style=\"-webkit-tap-highlight-color: rgba(0, 0, 0, 0); margin: 0px; padding: 0px; border: 0px; outline: 0px; vertical-align: baseline; background-image: initial; background-attachment: initial; background-size: initial; background-origin: initial; background-clip: initial; background-position: initial; background-repeat: initial;\">Taraflar arasında işbu sözleşme ile ilgili işlemler için çıkabilecek her türlü uyuşmazlıklarda Taraflar’ın defter, kayıt ve belgeleri ile ve bilgisayar kayıtları ve faks kayıtları 6100 sayılı Hukuk Muhakemeleri Kanunu uyarınca delil olarak kabul edilecek olup, kullanıcı bu kayıtlara itiraz etmeyeceğini kabul eder.</div><div style=\"-webkit-tap-highlight-color: rgba(0, 0, 0, 0); margin: 0px; padding: 0px; border: 0px; outline: 0px; vertical-align: baseline; background-image: initial; background-attachment: initial; background-size: initial; background-origin: initial; background-clip: initial; background-position: initial; background-repeat: initial;\"><br style=\"-webkit-tap-highlight-color: rgba(0, 0, 0, 0);\"></div><div style=\"-webkit-tap-highlight-color: rgba(0, 0, 0, 0); margin: 0px; padding: 0px; border: 0px; outline: 0px; vertical-align: baseline; background-image: initial; background-attachment: initial; background-size: initial; background-origin: initial; background-clip: initial; background-position: initial; background-repeat: initial;\"><b>11. Uyuşmazlıkların Çözümü</b></div><div style=\"-webkit-tap-highlight-color: rgba(0, 0, 0, 0); margin: 0px; padding: 0px; border: 0px; outline: 0px; vertical-align: baseline; background-image: initial; background-attachment: initial; background-size: initial; background-origin: initial; background-clip: initial; background-position: initial; background-repeat: initial;\">İşbu Sözleşme’nin uygulanmasından veya yorumlanmasından doğacak her türlü uyuşmazlığın çözümünde İstanbul (Merkez) Adliyesi Mahkemeleri ve İcra Daireleri yetkilidir.</div>', '0', '1', '10');

-- --------------------------------------------------------

--
-- Tablo için tablo yapısı `slider`
--

CREATE TABLE `slider` (
  `id` int(11) NOT NULL,
  `adi` varchar(255) COLLATE utf8_turkish_ci NOT NULL,
  `resim` varchar(255) COLLATE utf8_turkish_ci NOT NULL,
  `durum` int(3) NOT NULL,
  `tarih` varchar(255) COLLATE utf8_turkish_ci NOT NULL,
  `url` varchar(500) COLLATE utf8_turkish_ci NOT NULL
) ENGINE=MyISAM DEFAULT CHARSET=utf8 COLLATE=utf8_turkish_ci;

--
-- Tablo döküm verisi `slider`
--

INSERT INTO `slider` (`id`, `adi`, `resim`, `durum`, `tarih`, `url`) VALUES
(57, 'Deneme Slider 2', 'slider1_1.jpg', 1, '31-08-2017', 'Urun/Casper-Nirvana-NSH-4790-8T75A-W-Masaustu-PC.html'),
(56, 'Deneme Slider 1', 'slider2.jpg', 1, '31-08-2017', 'iletisim.html');

-- --------------------------------------------------------

--
-- Tablo için tablo yapısı `sss`
--

CREATE TABLE `sss` (
  `id` int(11) NOT NULL,
  `adi` text COLLATE utf8_turkish_ci NOT NULL,
  `aciklama` longtext COLLATE utf8_turkish_ci NOT NULL,
  `seo` varchar(255) COLLATE utf8_turkish_ci NOT NULL,
  `durum` int(3) NOT NULL
) ENGINE=MyISAM DEFAULT CHARSET=utf8 COLLATE=utf8_turkish_ci;

--
-- Tablo döküm verisi `sss`
--

INSERT INTO `sss` (`id`, `adi`, `aciklama`, `seo`, `durum`) VALUES
(34, 'E-ticaret hakkında bir bilgim yok. Bu sektöre nasıl giriş yapacağım ?', 'Ünlük hayatınızda ticaret tecrübeniz var ise Neticaret tarafından sizlere verilecek olan e-ticaret eğitimleri sayesinde hiçbir bilginiz olmasa dahi e-ticaret yapabilirsiniz. Sisteminizin kurulumu ve aynı zamanda nasıl yöneteceğiniz sizlere verilecek olan kurslar ile anlatılmaktadır.', 'E-ticaret-hakkinda-bir-bilgim-yok-Bu-sektore-nasil-giris-yapacagim-', 1),
(35, 'E-ticaret paketlerinde alan adı tescili için ekstra para ödeniyor mu ?', 'Yeni alacağınız alan adı için herhangi ekstra bir ödeme gerçekleştirmezsiniz. Kullanacağınız Neticaret e-ticaret paketleri ile birlikte açılmasını istediğiniz alan adı sizler için ücretsiz alınmaktadır.', 'E-ticaret-paketlerinde-alan-adi-tescili-icin-ekstra-para-odeniyor-mu-', 1),
(36, 'Sanal pos altyapınız mevcut mudur ?', 'E-ticaret yazılımları uzman ekip tarafından geliştirilmiş ve Türkiye’de bulunan bütün bankaların sanal poslarının kullanılabileceği bir şekilde tasarlanmıştır. Sınırsız sayıda sanal posu e-ticaret sitenizde kullanabilirsiniz.', 'Sanal-pos-altyapiniz-mevcut-mudur-', 1),
(37, 'Sanal pos nasıl alınır ?', 'Sanal pos alabilmeniz için şirket sahibi olmanız gerekmektedir. Şirket statünüz sanal pos almanızda etkili değildir. Şahıs, anonim ya da limited şirketiniz var ise bankalara sanal pos başvurusunda bulunabilirsiniz. Yapılan başvurular onaylandıktan sonra sadece birkaç dakika içerisinde e-ticaret sisteminize bu posun entegrasyonunu sağlayabiliriniz.', 'Sanal-pos-nasil-alinir-', 1),
(38, 'Güvenlik sistemleri için paket fiyatları dışında herhangi bir ücret alınacak mıdır ?', 'E-ticaret sitelerinizde kullanılması gereken RAID5, Firewall, IPS, IDS, 128bit SSL şifreleme ve güvenlik sistemleri için sizlerden ekstra bir ücret talep edilmemektedir. E-ticaret sitenize bütün bu özellikler dahil edilmektedir.', 'Guvenlik-sistemleri-icin-paket-fiyatlari-disinda-herhangi-bir-ucret-alinacak-midir-', 1),
(39, 'Destek veriyor musunuz ?', 'E-ticaret paketini kullandığınız süre boyunca sizlere özel destek verilmektedir. Dilerseniz telefon ile iletişim kurarak dilerseniz de yönetici panelinizde bulunan özel alan sayesinde e-ticaret sisteminiz hakkında destek alabilirsiniz. Yapılan her site E-Ticaret V3 tarafından garantilenmektedir.', 'Destek-veriyor-musunuz-', 1);

-- --------------------------------------------------------

--
-- Tablo için tablo yapısı `ticket`
--

CREATE TABLE `ticket` (
  `id` int(11) NOT NULL,
  `uyeid` int(11) NOT NULL,
  `isim` varchar(255) COLLATE utf8_turkish_ci NOT NULL,
  `email` varchar(255) COLLATE utf8_turkish_ci NOT NULL,
  `baslik` varchar(255) COLLATE utf8_turkish_ci NOT NULL,
  `departman` varchar(255) COLLATE utf8_turkish_ci NOT NULL,
  `oncelik` varchar(255) COLLATE utf8_turkish_ci NOT NULL,
  `mesaj` text COLLATE utf8_turkish_ci NOT NULL,
  `durum` int(11) NOT NULL,
  `guncelleme` varchar(255) COLLATE utf8_turkish_ci NOT NULL,
  `tarih` varchar(255) COLLATE utf8_turkish_ci NOT NULL
) ENGINE=InnoDB DEFAULT CHARSET=utf8 COLLATE=utf8_turkish_ci;

-- --------------------------------------------------------

--
-- Tablo için tablo yapısı `ticket_cevap`
--

CREATE TABLE `ticket_cevap` (
  `id` int(11) NOT NULL,
  `uye_id` int(11) NOT NULL,
  `ticket_id` int(11) NOT NULL,
  `rutbe` int(11) NOT NULL,
  `mesaj` text COLLATE utf8_turkish_ci NOT NULL,
  `guncelleme` varchar(255) COLLATE utf8_turkish_ci NOT NULL,
  `durum` int(11) NOT NULL
) ENGINE=InnoDB DEFAULT CHARSET=utf8 COLLATE=utf8_turkish_ci;

-- --------------------------------------------------------

--
-- Tablo için tablo yapısı `urunler`
--

CREATE TABLE `urunler` (
  `id` int(11) NOT NULL,
  `kategori` int(11) NOT NULL,
  `altkategori` int(11) NOT NULL,
  `adi` varchar(255) COLLATE utf8_turkish_ci NOT NULL,
  `seo` varchar(255) COLLATE utf8_turkish_ci NOT NULL,
  `resim` varchar(255) COLLATE utf8_turkish_ci NOT NULL,
  `durum` int(11) NOT NULL,
  `indirim` int(11) NOT NULL,
  `secenek` varchar(255) COLLATE utf8_turkish_ci NOT NULL,
  `urun_kodu` varchar(255) COLLATE utf8_turkish_ci NOT NULL,
  `stok` varchar(255) COLLATE utf8_turkish_ci NOT NULL,
  `fiyat` decimal(9,2) NOT NULL,
  `ifiyat` decimal(9,2) NOT NULL,
  `aciklama` longtext COLLATE utf8_turkish_ci NOT NULL,
  `ozellik` text COLLATE utf8_turkish_ci NOT NULL,
  `iade` text COLLATE utf8_turkish_ci NOT NULL,
  `coksatan` int(11) NOT NULL,
  `tarih` varchar(255) COLLATE utf8_turkish_ci NOT NULL,
  `anasayfa` int(11) NOT NULL
) ENGINE=InnoDB DEFAULT CHARSET=utf8 COLLATE=utf8_turkish_ci;

--
-- Tablo döküm verisi `urunler`
--

INSERT INTO `urunler` (`id`, `kategori`, `altkategori`, `adi`, `seo`, `resim`, `durum`, `indirim`, `secenek`, `urun_kodu`, `stok`, `fiyat`, `ifiyat`, `aciklama`, `ozellik`, `iade`, `coksatan`, `tarih`, `anasayfa`) VALUES
(21, 34, 1, 'Apple iPhone 6 16GB Uzay Gri Cep Telefonu', 'Apple-iPhone-6-16GB-Uzay-Gri-Cep-Telefonu', 'apple_iphone_iphone_6_16gb_uzay_gri__cep_telefonu_123171_1.jpg', 1, 1, 'Siyah||Beyaz||Mavi||Yeşil', '00001', '10', '2800.00', '2300.00', '<p>Açıklama Buraya gelecek</p>\r\n', 'Bağlantı Hızı: 4.5G|GARANTİ: 2 Yıl Garanti|Kamera: 8.0 MP Kamera|İşlemci: A8 Çip|Ekran Boyutu: 4.7\' Dokunmatik Ekran|Bluetooth: Bluetooth ile veri aktarımı|Telefon Boyutları (mm): 138.1 x 67 x 6.9 mm|RENK: Uzay Gri', '', 0, '26-01-2016', 0),
(22, 35, 6, 'Toshiba Satellite P55-B5162 Notebook', 'Toshiba-Satellite-P55-B5162-Notebook', 'Satellite_P55_B5162__Toshiba_Notebook_175670.jpg', 1, 0, 'Siyah', '00002', '0', '2900.00', '0.00', '<p>Açıklama Gelecek</p>\r\n', 'Kullanım Şekli: Profesyonel|İŞLEMCİ: Intel® Core™ i7-4720HQ 2.6 GHz Turbo Boost ile 3.6 GHz.6 MB Akıllı bellek|İŞLEMCİ TÜRÜ: Intel Core i7|RAM: 8 GB DDR3 1600 Mhz. (Max. 8 GB)|SABİT DİSK: 1 TB (5400 rpm,SATA)|OPTİK SÜRÜCÜ: DVD Super Multi|İşletim Sistemi	: Windows 8.1 64 bit', '', 2, '26-01-2016', 0),
(23, 34, 2, 'Samsung Galaxy S5 G900 16 GB Siyah Cep Telefonu', 'Samsung-Galaxy-S5-G900-16-GB-Siyah-Cep-Telefonu', 'samsung_galaxy_s5_g900_1.jpg', 1, 0, 'Siyah||Beyaz', '00003', '8', '1400.00', '0.00', '', 'Bağlantı Hızı: S|GARANTİ: 2 Yıl Garanti|Kamera: 16 MP Kamera|Ekran Boyutu: 5.1 Ekran Boyutu|Bluetooth: Bluetooth ile veri aktarımı|RENK: Siyah|Ekran: HD Super AMOLED Dokunmatik ekran|Dahili Hafıza: 16 GB Dahili Hafıza', '', 0, '28-01-2016', 0),
(24, 34, 3, 'General Mobile Discovery Air 2 16 GB Beyaz Cep Telefonu', 'General-Mobile-Discovery-Air-2-16-GB-Beyaz-Cep-Telefonu', 'general_mobile_discovery_air_2_16_gb_beyaz_cep_telefonu_190603.jpg', 1, 0, '', '00004', '9', '769.00', '0.00', '<p>Açıklama Gelecek</p>\r\n', 'Bağlantı Hızı: 21 Mbps|Dahili modem: Var|Dokunmatik Ekran: Var|E-mail Desteği: Var|EDGE: Var|Ekran çözünürlüğü: 1136 x 640|Ekran Tipi: AMOLED|GARANTİ: 2 Yıl Garanti|GPS: Var|Kamera: 8.0 MP Kamera|MP3 Çalma: Var', '', 4, '26-01-2016', 1);
INSERT INTO `urunler` (`id`, `kategori`, `altkategori`, `adi`, `seo`, `resim`, `durum`, `indirim`, `secenek`, `urun_kodu`, `stok`, `fiyat`, `ifiyat`, `aciklama`, `ozellik`, `iade`, `coksatan`, `tarih`, `anasayfa`) VALUES
(25, 34, 3, 'General Mobile Discovery 2 Mini Beyaz Cep Telefonu', 'General-Mobile-Discovery-2-Mini-Beyaz-Cep-Telefonu', 'general_mobile_discovery_2_mini_beyaz__cep_telefonu_138850.jpg', 1, 0, '', '00005', '15', '529.00', '0.00', '<p><img src=\"data:image/jpeg;base64,[BLOB]\" data-filename=\"138850_General-Mobile-Discovery-2-Mini-Beyaz-Cep-Telefonu_002_1413884911.jpg\" style=\"width: 468px;\"><br></p>', 'Bağlantı Hızı: 4.5G|GARANTİ: 2 Yıl Garanti|Hafıza Kartı Tipi: Micro SD|Kamera: 8.0 MP Kamera|RAM Kapasitesi: 1 GB Ram|Ekran Boyutu: 4,5 \' Ekran Boyutu|Bluetooth: Bluetooth ile veri aktarımı|Telefon Boyutları (mm): 131 x 65 x 7,8 mm', '', 1, '26-01-2016', 1);
INSERT INTO `urunler` (`id`, `kategori`, `altkategori`, `adi`, `seo`, `resim`, `durum`, `indirim`, `secenek`, `urun_kodu`, `stok`, `fiyat`, `ifiyat`, `aciklama`, `ozellik`, `iade`, `coksatan`, `tarih`, `anasayfa`) VALUES
(26, 35, 8, 'Casper Nirvana NSH.4790-8T75A-W Masaüstü PC', 'Casper-Nirvana-NSH-4790-8T75A-W-Masaustu-PC', 'CASPER_NSH4790_8T75A_W__Masaustu_PC_117151.jpg', 1, 0, '', '00006', '19', '2500.00', '0.00', '<p>Açıklama Gelecek</p>\r\n', 'Kullanım Şekli: Eğlence|İŞLEMCİ: Intel Core i5-4210M İşlemci|İşlemci Hızı 2.60GHz|Intel Turbo Bost Teknolojisi İle Maksimum 3.20 G|İŞLEMCİ TÜRÜ: Intel Core i5|RAM: 4 gb DDR3 1600 Mhz. (Max.8 GB) Ram', '', 0, '26-01-2016', 1),
(27, 35, 8, 'Lenovo AIO C5030 F0B1007-UTX Dokunmatik Ekran All in One Masaüstü Pc', 'Lenovo-AIO-C5030-F0B1007-UTX-Dokunmatik-Ekran-All-in-One-Masaustu-Pc', 'lenovo_aio_c5030_f0b1007_utx_dokunmatik_ekran_all_in_one_masaustu_pc_201093.jpg', 1, 0, '', '00007', '22', '3850.00', '0.00', '<p>A&ccedil;ıklama Gelecek</p>\r\n', '', '', 0, '02-01-2016', 1);
INSERT INTO `urunler` (`id`, `kategori`, `altkategori`, `adi`, `seo`, `resim`, `durum`, `indirim`, `secenek`, `urun_kodu`, `stok`, `fiyat`, `ifiyat`, `aciklama`, `ozellik`, `iade`, `coksatan`, `tarih`, `anasayfa`) VALUES
(28, 36, 10, 'Samsung UE-48HU7500 Led Tv', 'Samsung-UE-48HU7500-Led-Tv', 'SAMSUNG_SAMSUNG_UE_48HU7500__LED_TV_152823_1.jpg', 1, 1, 'Siyah', '00006', '25', '4400.00', '3400.00', '<p><img src=\"data:image/jpeg;base64,[BLOB]\" data-filename=\"152823_Samsung-UE-48HU7500-Led-Tv_000_1427277567.jpg\" style=\"width: 453px;\"><br></p>', 'Tipi: UHD (4K)|Ekran Ebatı: 48|Görüntü Tarama Hızı: 1000 Hz|3D Tv: Var|Smart Tv: Var|GARANTİ: 2 yıl', '', 0, '27-01-2016', 1);
INSERT INTO `urunler` (`id`, `kategori`, `altkategori`, `adi`, `seo`, `resim`, `durum`, `indirim`, `secenek`, `urun_kodu`, `stok`, `fiyat`, `ifiyat`, `aciklama`, `ozellik`, `iade`, `coksatan`, `tarih`, `anasayfa`) VALUES
(29, 35, 9, 'HP Stream 7 K4F53UA 7 inc Tablet Pc', 'HP-Stream-7-K4F53UA-7-inc-Tablet-Pc', 'hp_k4f53ua__tablet_pc_156105.jpg', 1, 1, '36', '00008', '22', '410.00', '276.00', '<p>Donec et erat quis orci sollicitudin pharetra convallis sed mauris. Curabitur tempus suscipit metus ac mattis.Donec et erat quis orci sollicitudin pharetra convallis sed mauris. Curabitur tempus suscipit metus ac mattis.</p>\r\n', '', '', 0, '28-12-2015', 1),
(30, 37, 14, 'Dyson DC52 Total Parquet Elektrikli Süpürge', 'Dyson-DC52-Total-Parquet-Elektrikli-Supurge', 'dyson_dc52_total_parquet_elektrikli_supurge_165661.jpg', 1, 1, '', '00009', '20', '3100.00', '2030.00', 'Açıklama Burada', 'BAŞLIK: Esnek Parke Başlığı , Aralık Temizleme Başlığı|HAZNE: Geniş Hazne Kapasitesi|TEMİZLİK: Hazneyi Boşaltmak için Sadece Tuşa Basmanız Yeterli|TOZ TORBASI: Toz Torbasız|GARANTİ: 2 Yıl Garanti', '', 0, '27-01-2016', 1),
(31, 35, 9, 'HP Elite Pad 900 Tablet Pc', 'HP-Elite-Pad-900-Tablet-Pc', 'hp_hp_elite_pad_900__tablet_pc_134005.jpg', 1, 0, '', '00010', '10', '749.00', '0.00', '<p><img src=\"data:image/jpeg;base64,[BLOB]\" data-filename=\"134005_HP-Elite-Pad-900-Tablet-Pc_000_1415095451.jpg\" style=\"width: 410px;\"><br></p>', 'İŞLEMCİ: Intel Atom Z2760 (1.8GHz, 1 MB Cache) dual core işlemci|İŞLEMCİ TÜRÜ: Intel Atom|RAM: 2 GB RAM|SABİT DİSK: 64 GB Kapasite|İŞLETİM SİSTEMİ: Windows 8|EKRAN KARTI: Intel GMA Ekran Kartı|EKRAN BOYUTU: 10.1 inch Dokunmatik Ekran', '', 0, '26-01-2016', 1),
(32, 35, 9, 'Microsoft Surface Pro 3 i3 128 GB Tablet Pc', 'Microsoft-Surface-Pro-3-i3-128-GB-Tablet-Pc', 'Microsoft_ST9_00001__Tablet_PC_197184.jpg', 1, 0, '', '00011', '9', '2500.00', '0.00', 'Ürün Özellikleri Burada', 'İŞLEMCİ: 4th generation Intel Core i3-4020Y 1.50 GHz|İŞLEMCİ TÜRÜ: Intel Core i3|RAM: 4 GB|SABİT DİSK: 128 GB SSD|İŞLETİM SİSTEMİ: Windows 10|EKRAN KARTI: Intel® HD Grafik 4200 Ekran Kartı|EKRAN BOYUTU: 12” ClearType Full HD Plus', '', 0, '26-01-2016', 1),
(33, 39, 19, 'Diesel DZ4215 Erkek Kol Saati', 'Diesel-DZ4215-Erkek-Kol-Saati', 'Diesel_DIESEL_DZ4215__Erkek_Kol_Saati_103883.jpg', 1, 0, 'Siyah||Beyaz||Mavi', 'SA001', '8', '599.00', '0.00', 'Ürün özellikleri burada olacak', 'MAKİNE ÖZELLİK: Analog|KASA TİPİ: Çelik|KAYIŞ / KORDON: Çelik|CAM ÖZELLİK: Mineral Cam|SU GEÇİRMEZLİK: 10 Atm / 100 m|KASA ÇAPI: 47 mm', '', 0, '26-01-2016', 1),
(34, 34, 1, 'Apple iPhone 6S Plus 16GB Uzay Gri Dist Cep Telefonu', 'Apple-iPhone-6S-Plus-16GB-Uzay-Gri-Dist-Cep-Telefonu', 'apple_iphone_6s_plus_16gb_uzay_gri_dist_cep_telefonu_168053_1.jpg', 1, 0, 'Siyah', 'APL01', '14', '3400.00', '0.00', '<p><br></p>', '4G: Var|4.5G - Mobil Bağlantı Hızı|GARANTİ: 2 Yıl Garanti|Kamera: 4K video çekerken 12 mp fotoğraf çekme|Wİ-Fİ: Var|Ön Kamera: 5.0 megapiksel|Sensörler: Üç eksenli jiroskop,İvmeölçer,Yakınlık ,Ortam ışığı ,Barometre', '', 7, '09-02-2016', 1),
(35, 34, 1, 'Apple iPhone 6S Plus 128GB Rose Gold Cep Telefonu', 'Apple-iPhone-6S-Plus-128GB-Rose-Gold-Cep-Telefonu', 'apple_iphone_6s_plus_128gb_rose_gold_cep_telefonu_184916.jpg', 1, 0, 'Siyah||Beyaz||Gold', 'APL02', '16', '4199.00', '0.00', '', '4G: Var|Bağlantı Hızı: 4.5G - Mobil Bağlantı Hızı|GARANTİ: 2 Yıl Garanti|Kamera: 4K video çekerken 12 mp fotoğraf çekme , Sensörler: Üç eksenli jiroskop,İvmeölçer,Yakınlık ,Ortam ışığı ,Barometre|Wİ-Fİ: Var|Ön Kamera: 5.0 megapiksel', '', 0, '09-02-2016', 1),
(36, 38, 17, 'Ufo ATSFI-121 Soğuk Buharlı İyonizerli Vantilatör', 'Ufo-ATSFI-121-Soguk-Buharli-Iyonizerli-Vantilator', 'ufo_atsfi_121__vantilator_164656.jpg', 1, 0, '', 'VN001', '18', '249.00', '0.00', 'Açıklama gelecek', 'EKRAN: Led|SALINIM: Soğutma alanının tamamına erişimi sağlayan salınım başlığı|SESSİZ ÇALIŞMA: Var|UZAKTAN KUMANDA: Kızılötesi uzaktan kumanda|GARANTİ: 2 Yıl|Serin buhar üfleyen rahatlatıcı çalışma mekenizması|ayrı hızda nemlendiricili', '', 0, '27-01-2016', 1);
INSERT INTO `urunler` (`id`, `kategori`, `altkategori`, `adi`, `seo`, `resim`, `durum`, `indirim`, `secenek`, `urun_kodu`, `stok`, `fiyat`, `ifiyat`, `aciklama`, `ozellik`, `iade`, `coksatan`, `tarih`, `anasayfa`) VALUES
(37, 43, 26, 'Fakir Hercüles Vücut Analiz Baskülü', 'Fakir-Hercules-Vucut-Analiz-Baskulu', 'fakir_fakir_hercules__baskul_63075.jpg', 1, 1, '', 'SG007', '16', '52.00', '10.00', '<p><img src=\"data:image/jpeg;base64,[BLOB]\" style=\"float:left; width:280px\" /></p>\r\n\r\n<p>&nbsp;</p>\r\n', 'AKSESUAR: 6mm lik Cam Taban|GÖSTERGELER: Zayıf batarya|Aşırı yükleme|HAFIZA: 12 kişiye kadar|HAFIZA TEMİZLEME FONKSİYONU: Var|HASSASİYET: 100 gr|KAPASİTE: 150 kg|KAS ORANI ÖLÇÜM FONKSİYONU: Var|KEMİK ÖLÇÜM FONKSİYONU: Var', '', 0, '31-08-2017', 1),
(38, 42, 27, 'Nike MD Runner 2 Erkek Beyaz Spor Ayakkabı (749795-100)', 'Nike-MD-Runner-2-Erkek-Beyaz-Spor-Ayakkabi-749795-100-', 'nike_md_runner_2_erkek_beyaz_spor_ayakkabi__749795_100__174557.png', 1, 0, 'Beyaz||39||40||41||42||43', 'SA005', '19', '175.00', '0.00', '<p>A&ccedil;ıklama gelecek buraya</p>\r\n', '', '', 1, '31-08-2017', 1),
(39, 44, 28, 'S-link SPG77-6-15 1.5m 6li Akım Korumalı Beyaz Priz Çoklayıcı', 'S-link-SPG77-6-15-1-5m-6li-Akim-Korumali-Beyaz-Priz-Coklayici', 's_link_spg77_6_15_1_5m_6li_akim_korumali_beyaz_priz_coklayici_198510.jpg', 1, 0, '', '8778', '20', '39.90', '0.00', '<p>Uzunluk : 1.5m Marka : S-link Model : SPG77-6-15 Tipi : 6li Akım Korumalı Beyaz A&ccedil;ıklama : Priz &Ccedil;oklayıcı</p>\r\n', 'Uzunluk : 1.5m|Marka : s-link|Model : spg77-6-15', '', 0, '31-08-2017', 1),
(40, 37, 16, 'Dyson DC43 H Car+Boat Şarjlı Süpürge', 'Dyson-DC43-H-Car-Boat-Sarjli-Supurge', 'dyson_dc43h_car_boat__elektrikli_supurge_141317.jpg', 1, 0, '', '05879', '30', '1049.00', '0.00', '', 'AKSESUAR: 12 V şarj kablosu, Aralık Başlığı|BOŞALTMA FİLTRESİ: Hijyenik|FİLTRE: Ömür boyu kalıcı filtre|KONTEYNER KAPASİTESİ : 0.35 lt , Teknoloji: Root Cyclone ™ teknolojisi|EMİŞ GÜCÜ: Yüksek emiş gücü|BOYUTLAR: 20.5 x 10.5 x 32.2', '', 0, '31-08-2017', 1),
(41, 35, 6, 'Asus X Series X555LA-HI31103J Notebook', 'Asus-X-Series-X555LA-HI31103J-Notebook', 'asus_x_series_x555la_hi31103j_full_hd_notebook_197858_1.jpg', 1, 0, 'Siyah||Beyaz', '00258', '50', '1399.00', '0.00', '<p>&Uuml;r&uuml;n &Ouml;zellikleri</p>\r\n', 'Kullanım Şekli: Eğlence|İŞLEMCİ: Intel Core i3-5020U (2 cores, 3 MB L3 cache|2.20 GHz)|İŞLEMCİ TÜRÜ: Intel Core i3|RAM: 4 GB DDR3 1600 Mhz Ram (Max 12 Gb)|SABİT DİSK: 1 TB SATA (5400 Rpm) HDD|OPTİK SÜRÜCÜ: SuperMulti DVD yazıcı', '', 0, '31-08-2017', 1),
(42, 35, 8, 'Lenovo E73 10DSS00J00 Masaüstü PC', 'Lenovo-E73-10DSS00J00-Masaustu-PC', 'lenovo_e73_10dss00j00_masaustu_pc_202398.jpg', 1, 0, '', '010203', '8', '2118.71', '0.00', '<p>&Uuml;r&uuml;n A&ccedil;ıklama Kısmı</p>\r\n', 'Kullanım Şekli	Desktop|Paralel Port	1|Seri Port	1 adet|İŞLEMCİ	Intel Core i5-4460S 2.9GHz Turbo Boost ile 3.4GHz 6MB Cache|İŞLEMCİ TÜRÜ	Intel Core i5|RAM	4 GB DDR3|SABİT DİSK	500 GB SATA (7200 Rpm) HDD|OPTİK SÜRÜCÜ	DVD Super Multi|İŞLETİM SİSTEMİ	Windows 8 Professional 64|EKRAN KARTI	Intel HD Graphics|RJ45-ETHERNET	Var|USB (2.0)	4|USB (3.0)	2|VGA	1|KART OKUYUCU	9-in1 card reader|MİKROFON GİRİŞİ	1|KULAKLIK ÇIKIŞI	1|GARANTİ SÜRESİ	2 Yıl', '', 0, '31-08-2017', 1),
(43, 35, 8, 'Lenovo H5050 90B7006-STX Masaüstü PC', 'Lenovo-H5050-90B7006-STX-Masaustu-PC', 'lenovo_h5050_90b7006_stx_masaustu_pc_189296.jpg', 1, 0, '', '020103', '5', '1214.97', '0.00', '<p>&Uuml;r&uuml;n &ouml;zellikleri gelecek</p>\r\n', 'Kullanım Şekli	Desktop|Klavye - Mouse	Var|İŞLEMCİ	İntel Core i3 4160 (3.6 GHz, 3 MB önbellek, 2 çekirdekli)|İŞLEMCİ TÜRÜ	Intel Core i3|RAM	4 GB DDR3 1600 Mhz|SABİT DİSK	1 TB SATA (7200 Rpm) HDD|OPTİK SÜRÜCÜ	DVD ± RW DUAL|İŞLETİM SİSTEMİ	FreeDos (windows işletim sistemi yoktur)|EKRAN KARTI	Nvidia GeForce GT705 1 GB Ayrılmış Bellek|SES ÇIKIŞI	Stereo|RJ45-ETHERNET	10/100/1000 Gigabit Ethernet LAN|WIRELESS LAN	802.11 b/g/n|BLUETOOTH	Bluetooth 4.0|USB (2.0)	4|USB (3.0)	2|VGA	1|KART OKUYUCU	7-in-1 card reader|KULAKLIK ÇIKIŞI	1|GARANTİ SÜRESİ	2 Yıl', '', 0, '31-08-2017', 1);

-- --------------------------------------------------------

--
-- Tablo için tablo yapısı `urun_kategori`
--

CREATE TABLE `urun_kategori` (
  `id` int(11) NOT NULL,
  `kategori_adi` varchar(255) COLLATE utf8_turkish_ci NOT NULL,
  `resim` varchar(255) COLLATE utf8_turkish_ci NOT NULL,
  `seo` varchar(255) COLLATE utf8_turkish_ci NOT NULL,
  `icon` varchar(255) COLLATE utf8_turkish_ci NOT NULL,
  `durum` int(11) NOT NULL
) ENGINE=InnoDB DEFAULT CHARSET=utf8 COLLATE=utf8_turkish_ci;

--
-- Tablo döküm verisi `urun_kategori`
--

INSERT INTO `urun_kategori` (`id`, `kategori_adi`, `resim`, `seo`, `icon`, `durum`) VALUES
(34, 'Telefon \\ Cep Telefonu', 'Cep_Telefonu_Toryum_Teknoloji1_1.jpg', 'Telefon-Cep-Telefonu', 'fa fa-phone', 1),
(35, 'Bilgisayar', 'xl_vaio_pro_1.jpg', 'Bilgisayar', 'fa fa-laptop', 1),
(36, 'Görüntü \\ Ses', 'ses.jpg', 'Goruntu-Ses', 'fa fa-music', 1),
(37, 'Ev Elektroniği', 'premier_prj_3340__kat_meyve_skaca_320x320.jpeg', 'Ev-Elektronigi', 'fa fa-plug', 1),
(38, 'Isıtma ve Soğutma ', 'fancoil_cihazlari.jpg', 'Isitma-ve-Sogutma-', 'fa fa-recycle', 1),
(39, 'Saat', 'Guess_Connect.jpg', 'Saat', 'fa fa-history', 1),
(40, 'Beyaz Eşya \\ Mutfak', 'beyaz_esya_elektronik_300x250.png', 'Beyaz-Esya-Mutfak', 'fa fa-tasks', 1),
(41, 'Foto Kamera', '1190_lg_analog_sabit_kamera_kategori.png', 'Foto-Kamera', 'fa fa-camera', 1),
(42, 'Spor \\ Outdoor', '', 'Spor-Outdoor', 'fa fa-futbol-o', 1),
(43, 'Kozmetik Kişisel Bakım ', '', 'Kozmetik-Kisisel-Bakim-', 'fa fa-paint-brush', 1),
(44, 'Yapı Market \\ Bahçe', '', 'Yapi-Market-Bahce', 'fa fa-tree', 1),
(45, 'Ofis Makineleri', '', 'Ofis-Makineleri', 'fa fa-fax', 1),
(46, 'Anne \\ Bebek \\ Oyuncak', '', 'Anne-Bebek-Oyuncak', 'fa fa-gamepad', 1);

-- --------------------------------------------------------

--
-- Tablo için tablo yapısı `urun_resim`
--

CREATE TABLE `urun_resim` (
  `id` int(11) NOT NULL,
  `urun_id` int(11) NOT NULL,
  `resim_yolu` text COLLATE utf8_turkish_ci NOT NULL
) ENGINE=InnoDB DEFAULT CHARSET=utf8 COLLATE=utf8_turkish_ci;

--
-- Tablo döküm verisi `urun_resim`
--

INSERT INTO `urun_resim` (`id`, `urun_id`, `resim_yolu`) VALUES
(8, 22, '56814427208aa.jpg'),
(9, 22, '56814427d9871.jpg'),
(10, 22, '56814428bb058.jpg'),
(11, 24, '5681449a21483.jpg'),
(12, 29, '5681583f907f6.jpg'),
(13, 31, '56815a62dc568.jpg'),
(19, 32, '56827b5da5696.jpg'),
(20, 32, '56827b5e7b1f5.jpg'),
(23, 33, '56837a0e73aa3.jpg'),
(24, 33, '56837a1327f5f.jpg'),
(25, 35, '568394b464703.jpg'),
(26, 37, '56878d1eca99d.jpg'),
(27, 40, '56aa201f6e7fb.jpg'),
(30, 41, '56c483ac1bca3.jpg'),
(31, 41, '56c483acd892a.jpg');

-- --------------------------------------------------------

--
-- Tablo için tablo yapısı `urun_yorum`
--

CREATE TABLE `urun_yorum` (
  `id` int(11) NOT NULL,
  `uye_id` int(11) NOT NULL,
  `urun_id` int(11) NOT NULL,
  `baslik` varchar(255) COLLATE utf8_turkish_ci NOT NULL,
  `yorum` text COLLATE utf8_turkish_ci NOT NULL,
  `puan` varchar(255) COLLATE utf8_turkish_ci NOT NULL,
  `tarih` varchar(255) COLLATE utf8_turkish_ci NOT NULL,
  `durum` int(11) NOT NULL,
  `ip` varchar(255) COLLATE utf8_turkish_ci NOT NULL
) ENGINE=InnoDB DEFAULT CHARSET=utf8 COLLATE=utf8_turkish_ci;

--
-- Tablo döküm verisi `urun_yorum`
--

INSERT INTO `urun_yorum` (`id`, `uye_id`, `urun_id`, `baslik`, `yorum`, `puan`, `tarih`, `durum`, `ip`) VALUES
(2, 9, 34, 'Deneme Yorum', 'Yorum Burada', '5', '25 Ocak 2016, 09:26', 1, '::1'),
(3, 9, 35, 'M&uuml;kemmel', 'bu fiyata böyle bir performans suan baska yerde yok.tavsiye ederim.cok güzel bir ürün.', '3', '26 Ocak 2016, 12:30', 1, '::1'),
(4, 9, 25, 'Harika Yorum', 'Yorum Burada olacak', '4', '26 Ocak 2016, 16:45', 1, '::1'),
(5, 9, 34, 'Ferhat Aydın', 'Çok başarılı ürün memnun kaldım teşekkürler', '3', '27 Ocak 2016, 09:01', 1, '::1'),
(6, 9, 34, 'başarılar', 'güzel gayet', '1', '27 Ocak 2016, 09:31', 1, '::1'),
(7, 9, 24, 'Başarılı', 'Güzel ürün hızlı gönderi teşekkürler', '4', '27 Ocak 2016, 10:09', 1, '::1'),
(8, 9, 28, '48HU7500 &Ouml;ZELLİKLERİ', 'SAMSUNG 48HU7500 TV nin internet durumu nasıl acaba özelliklerinde 4 çekirdek yok olarak görünüyor', '4', '27 Ocak 2016, 13:26', 1, '::1');

-- --------------------------------------------------------

--
-- Tablo için tablo yapısı `yorumlar`
--

CREATE TABLE `yorumlar` (
  `id` int(11) NOT NULL,
  `blog_id` int(11) NOT NULL,
  `isim` varchar(255) COLLATE utf8_turkish_ci NOT NULL,
  `email` varchar(255) COLLATE utf8_turkish_ci NOT NULL,
  `mesaj` text COLLATE utf8_turkish_ci NOT NULL,
  `durum` int(11) NOT NULL,
  `tarih` varchar(255) COLLATE utf8_turkish_ci NOT NULL,
  `ip` varchar(255) COLLATE utf8_turkish_ci NOT NULL
) ENGINE=InnoDB DEFAULT CHARSET=utf8 COLLATE=utf8_turkish_ci;

--
-- Tablo döküm verisi `yorumlar`
--

INSERT INTO `yorumlar` (`id`, `blog_id`, `isim`, `email`, `mesaj`, `durum`, `tarih`, `ip`) VALUES
(6, 19, 'Osman FATSA', 'osman_trs1967@hotmail.com', 'Blog kurmasını Bilmeyen ve Para sıkıntısı &ccedil;eken arkadaşlara yararlı bir bilgilendirme olmuş.Eline Sağlık', 1, '08-02-2016', '::1');

--
-- Dökümü yapılmış tablolar için indeksler
--

--
-- Tablo için indeksler `adres`
--
ALTER TABLE `adres`
  ADD PRIMARY KEY (`id`);

--
-- Tablo için indeksler `alt_urun_kategori`
--
ALTER TABLE `alt_urun_kategori`
  ADD PRIMARY KEY (`id`);

--
-- Tablo için indeksler `bilgiler`
--
ALTER TABLE `bilgiler`
  ADD PRIMARY KEY (`id`);

--
-- Tablo için indeksler `bloglar`
--
ALTER TABLE `bloglar`
  ADD PRIMARY KEY (`id`);

--
-- Tablo için indeksler `ebulten`
--
ALTER TABLE `ebulten`
  ADD PRIMARY KEY (`id`);

--
-- Tablo için indeksler `etiketler`
--
ALTER TABLE `etiketler`
  ADD PRIMARY KEY (`id`);

--
-- Tablo için indeksler `ilceler`
--
ALTER TABLE `ilceler`
  ADD PRIMARY KEY (`id`),
  ADD KEY `IDX_DF2497D4BAF0B6B8` (`il_id`);

--
-- Tablo için indeksler `iletisim`
--
ALTER TABLE `iletisim`
  ADD PRIMARY KEY (`id`);

--
-- Tablo için indeksler `iller`
--
ALTER TABLE `iller`
  ADD PRIMARY KEY (`id`);

--
-- Tablo için indeksler `mail`
--
ALTER TABLE `mail`
  ADD PRIMARY KEY (`id`);

--
-- Tablo için indeksler `numaralar`
--
ALTER TABLE `numaralar`
  ADD PRIMARY KEY (`id`);

--
-- Tablo için indeksler `poslar`
--
ALTER TABLE `poslar`
  ADD PRIMARY KEY (`id`);

--
-- Tablo için indeksler `reklam`
--
ALTER TABLE `reklam`
  ADD PRIMARY KEY (`id`);

--
-- Tablo için indeksler `sayfalar`
--
ALTER TABLE `sayfalar`
  ADD PRIMARY KEY (`id`);

--
-- Tablo için indeksler `secenek`
--
ALTER TABLE `secenek`
  ADD PRIMARY KEY (`id`);

--
-- Tablo için indeksler `secenek_kategori`
--
ALTER TABLE `secenek_kategori`
  ADD PRIMARY KEY (`id`);

--
-- Tablo için indeksler `siparisler`
--
ALTER TABLE `siparisler`
  ADD PRIMARY KEY (`id`);

--
-- Tablo için indeksler `site_ayar`
--
ALTER TABLE `site_ayar`
  ADD PRIMARY KEY (`id`);

--
-- Tablo için indeksler `slider`
--
ALTER TABLE `slider`
  ADD PRIMARY KEY (`id`);

--
-- Tablo için indeksler `sss`
--
ALTER TABLE `sss`
  ADD PRIMARY KEY (`id`);

--
-- Tablo için indeksler `ticket`
--
ALTER TABLE `ticket`
  ADD PRIMARY KEY (`id`);

--
-- Tablo için indeksler `ticket_cevap`
--
ALTER TABLE `ticket_cevap`
  ADD PRIMARY KEY (`id`);

--
-- Tablo için indeksler `urunler`
--
ALTER TABLE `urunler`
  ADD PRIMARY KEY (`id`);

--
-- Tablo için indeksler `urun_kategori`
--
ALTER TABLE `urun_kategori`
  ADD PRIMARY KEY (`id`);

--
-- Tablo için indeksler `urun_resim`
--
ALTER TABLE `urun_resim`
  ADD PRIMARY KEY (`id`);

--
-- Tablo için indeksler `urun_yorum`
--
ALTER TABLE `urun_yorum`
  ADD PRIMARY KEY (`id`);

--
-- Tablo için indeksler `yorumlar`
--
ALTER TABLE `yorumlar`
  ADD PRIMARY KEY (`id`);

--
-- Dökümü yapılmış tablolar için AUTO_INCREMENT değeri
--

--
-- Tablo için AUTO_INCREMENT değeri `adres`
--
ALTER TABLE `adres`
  MODIFY `id` int(11) NOT NULL AUTO_INCREMENT, AUTO_INCREMENT=9;
--
-- Tablo için AUTO_INCREMENT değeri `alt_urun_kategori`
--
ALTER TABLE `alt_urun_kategori`
  MODIFY `id` int(11) NOT NULL AUTO_INCREMENT, AUTO_INCREMENT=29;
--
-- Tablo için AUTO_INCREMENT değeri `bilgiler`
--
ALTER TABLE `bilgiler`
  MODIFY `id` int(11) NOT NULL AUTO_INCREMENT, AUTO_INCREMENT=32;
--
-- Tablo için AUTO_INCREMENT değeri `bloglar`
--
ALTER TABLE `bloglar`
  MODIFY `id` int(11) NOT NULL AUTO_INCREMENT, AUTO_INCREMENT=21;
--
-- Tablo için AUTO_INCREMENT değeri `ebulten`
--
ALTER TABLE `ebulten`
  MODIFY `id` int(11) NOT NULL AUTO_INCREMENT, AUTO_INCREMENT=2;
--
-- Tablo için AUTO_INCREMENT değeri `etiketler`
--
ALTER TABLE `etiketler`
  MODIFY `id` int(11) NOT NULL AUTO_INCREMENT;
--
-- Tablo için AUTO_INCREMENT değeri `ilceler`
--
ALTER TABLE `ilceler`
  MODIFY `id` int(11) NOT NULL AUTO_INCREMENT, AUTO_INCREMENT=968;
--
-- Tablo için AUTO_INCREMENT değeri `iletisim`
--
ALTER TABLE `iletisim`
  MODIFY `id` int(11) NOT NULL AUTO_INCREMENT, AUTO_INCREMENT=2;
--
-- Tablo için AUTO_INCREMENT değeri `iller`
--
ALTER TABLE `iller`
  MODIFY `id` int(11) NOT NULL AUTO_INCREMENT, AUTO_INCREMENT=82;
--
-- Tablo için AUTO_INCREMENT değeri `mail`
--
ALTER TABLE `mail`
  MODIFY `id` int(11) NOT NULL AUTO_INCREMENT, AUTO_INCREMENT=2;
--
-- Tablo için AUTO_INCREMENT değeri `numaralar`
--
ALTER TABLE `numaralar`
  MODIFY `id` int(11) NOT NULL AUTO_INCREMENT, AUTO_INCREMENT=10;
--
-- Tablo için AUTO_INCREMENT değeri `poslar`
--
ALTER TABLE `poslar`
  MODIFY `id` int(11) NOT NULL AUTO_INCREMENT, AUTO_INCREMENT=3;
--
-- Tablo için AUTO_INCREMENT değeri `reklam`
--
ALTER TABLE `reklam`
  MODIFY `id` int(11) NOT NULL AUTO_INCREMENT, AUTO_INCREMENT=66;
--
-- Tablo için AUTO_INCREMENT değeri `sayfalar`
--
ALTER TABLE `sayfalar`
  MODIFY `id` int(11) NOT NULL AUTO_INCREMENT, AUTO_INCREMENT=29;
--
-- Tablo için AUTO_INCREMENT değeri `secenek`
--
ALTER TABLE `secenek`
  MODIFY `id` int(11) NOT NULL AUTO_INCREMENT, AUTO_INCREMENT=70;
--
-- Tablo için AUTO_INCREMENT değeri `secenek_kategori`
--
ALTER TABLE `secenek_kategori`
  MODIFY `id` int(11) NOT NULL AUTO_INCREMENT, AUTO_INCREMENT=50;
--
-- Tablo için AUTO_INCREMENT değeri `siparisler`
--
ALTER TABLE `siparisler`
  MODIFY `id` int(11) NOT NULL AUTO_INCREMENT, AUTO_INCREMENT=42;
--
-- Tablo için AUTO_INCREMENT değeri `site_ayar`
--
ALTER TABLE `site_ayar`
  MODIFY `id` int(11) NOT NULL AUTO_INCREMENT, AUTO_INCREMENT=2;
--
-- Tablo için AUTO_INCREMENT değeri `slider`
--
ALTER TABLE `slider`
  MODIFY `id` int(11) NOT NULL AUTO_INCREMENT, AUTO_INCREMENT=58;
--
-- Tablo için AUTO_INCREMENT değeri `sss`
--
ALTER TABLE `sss`
  MODIFY `id` int(11) NOT NULL AUTO_INCREMENT, AUTO_INCREMENT=40;
--
-- Tablo için AUTO_INCREMENT değeri `ticket`
--
ALTER TABLE `ticket`
  MODIFY `id` int(11) NOT NULL AUTO_INCREMENT, AUTO_INCREMENT=10;
--
-- Tablo için AUTO_INCREMENT değeri `ticket_cevap`
--
ALTER TABLE `ticket_cevap`
  MODIFY `id` int(11) NOT NULL AUTO_INCREMENT, AUTO_INCREMENT=9;
--
-- Tablo için AUTO_INCREMENT değeri `urunler`
--
ALTER TABLE `urunler`
  MODIFY `id` int(11) NOT NULL AUTO_INCREMENT, AUTO_INCREMENT=44;
--
-- Tablo için AUTO_INCREMENT değeri `urun_kategori`
--
ALTER TABLE `urun_kategori`
  MODIFY `id` int(11) NOT NULL AUTO_INCREMENT, AUTO_INCREMENT=47;
--
-- Tablo için AUTO_INCREMENT değeri `urun_resim`
--
ALTER TABLE `urun_resim`
  MODIFY `id` int(11) NOT NULL AUTO_INCREMENT, AUTO_INCREMENT=32;
--
-- Tablo için AUTO_INCREMENT değeri `urun_yorum`
--
ALTER TABLE `urun_yorum`
  MODIFY `id` int(11) NOT NULL AUTO_INCREMENT, AUTO_INCREMENT=9;
--
-- Tablo için AUTO_INCREMENT değeri `yorumlar`
--
ALTER TABLE `yorumlar`
  MODIFY `id` int(11) NOT NULL AUTO_INCREMENT, AUTO_INCREMENT=7;
--
-- Dökümü yapılmış tablolar için kısıtlamalar
--

--
-- Tablo kısıtlamaları `ilceler`
--
ALTER TABLE `ilceler`
  ADD CONSTRAINT `FK_DF2497D4BAF0B6B8` FOREIGN KEY (`il_id`) REFERENCES `iller` (`id`);

